CRAN Package Check Results for Package rWind

Last updated on 2024-03-02 19:50:29 CET.

Flavor Version Tinstall Tcheck Ttotal Status Flags
r-devel-linux-x86_64-debian-clang 1.1.7 42.79 395.43 438.22 NOTE
r-devel-linux-x86_64-debian-gcc 1.1.7 34.38 283.61 317.99 NOTE
r-devel-linux-x86_64-fedora-clang 1.1.7 511.06 NOTE
r-devel-linux-x86_64-fedora-gcc 1.1.7 506.48 NOTE
r-devel-windows-x86_64 1.1.7 31.00 240.00 271.00 NOTE
r-patched-linux-x86_64 1.1.7 43.48 366.82 410.30 OK
r-release-linux-x86_64 1.1.7 35.82 375.54 411.36 OK
r-release-macos-arm64 1.1.7 145.00 OK
r-release-macos-x86_64 1.1.7 239.00 OK
r-release-windows-x86_64 1.1.7 40.00 312.00 352.00 OK
r-oldrel-macos-arm64 1.1.7 121.00 OK
r-oldrel-windows-x86_64 1.1.7 40.00 305.00 345.00 OK

Check Details

Version: 1.1.7
Check: Rd \usage sections
Result: NOTE Documented arguments not in \usage in Rd file 'wind.fit_int.Rd': ‘X’ Functions with \usage entries need to have the appropriate \alias entries, and all their arguments documented. The \usage entries must correspond to syntactically valid R code. See chapter ‘Writing R documentation files’ in the ‘Writing R Extensions’ manual. Flavors: r-devel-linux-x86_64-debian-clang, r-devel-linux-x86_64-debian-gcc, r-devel-linux-x86_64-fedora-clang, r-devel-linux-x86_64-fedora-gcc, r-devel-windows-x86_64