CRAN Package Check Results for Package rTG

Last updated on 2021-12-01 07:50:35 CET.

Flavor Version Tinstall Tcheck Ttotal Status Flags
r-devel-linux-x86_64-debian-clang 0.2.2 9.67 101.89 111.56 OK
r-devel-linux-x86_64-debian-gcc 0.2.2 6.90 81.91 88.81 OK
r-devel-linux-x86_64-fedora-clang 0.2.2 144.70 NOTE
r-devel-linux-x86_64-fedora-gcc 0.2.2 130.56 NOTE
r-devel-windows-x86_64-new-UL 0.2.2 20.00 135.00 155.00 OK
r-devel-windows-x86_64-new-TK 0.2.2 NOTE
r-devel-windows-x86_64-old 0.2.2 18.00 89.00 107.00 OK
r-patched-linux-x86_64 0.2.2 8.72 95.54 104.26 OK
r-patched-solaris-x86 0.2.2 183.60 NOTE
r-release-linux-x86_64 0.2.2 10.06 95.88 105.94 OK
r-release-macos-arm64 0.2.2 NOTE
r-release-macos-x86_64 0.2.2 NOTE
r-release-windows-ix86+x86_64 0.2.2 23.00 88.00 111.00 OK
r-oldrel-macos-x86_64 0.2.2 NOTE
r-oldrel-windows-ix86+x86_64 0.2.2 15.00 90.00 105.00 OK

Check Details

Version: 0.2.2
Check: dependencies in R code
Result: NOTE
    Namespace in Imports field not imported from: ‘knitr’
     All declared Imports should be used.
Flavors: r-devel-linux-x86_64-fedora-clang, r-devel-linux-x86_64-fedora-gcc, r-devel-windows-x86_64-new-TK, r-patched-solaris-x86, r-release-macos-arm64, r-release-macos-x86_64, r-oldrel-macos-x86_64