CRAN Package Check Results for Package rTCRBCRr

Last updated on 2023-02-03 19:52:18 CET.

Flavor Version Tinstall Tcheck Ttotal Status Flags
r-devel-linux-x86_64-debian-clang 0.1.1 6.86 70.07 76.93 OK
r-devel-linux-x86_64-debian-gcc 0.1.1 4.60 50.80 55.40 OK
r-devel-linux-x86_64-fedora-clang 0.1.1 99.32 NOTE
r-devel-linux-x86_64-fedora-gcc 0.1.1 108.15 NOTE
r-devel-windows-x86_64 0.1.1 76.00 131.00 207.00 OK
r-patched-linux-x86_64 0.1.1 4.89 67.40 72.29 OK
r-release-linux-x86_64 0.1.1 4.78 68.54 73.32 OK
r-release-macos-arm64 0.1.1 30.00 NOTE
r-release-macos-x86_64 0.1.1 50.00 NOTE
r-release-windows-x86_64 0.1.1 54.00 136.00 190.00 OK
r-oldrel-macos-arm64 0.1.1 30.00 NOTE
r-oldrel-macos-x86_64 0.1.1 49.00 NOTE
r-oldrel-windows-ix86+x86_64 0.1.1 20.00 103.00 123.00 OK

Check Details

Version: 0.1.1
Check: dependencies in R code
Result: NOTE
    Namespace in Imports field not imported from: ‘readr’
     All declared Imports should be used.
Flavors: r-devel-linux-x86_64-fedora-clang, r-devel-linux-x86_64-fedora-gcc, r-release-macos-arm64, r-release-macos-x86_64, r-oldrel-macos-arm64, r-oldrel-macos-x86_64