Last updated on 2022-06-30 21:49:53 CEST.
Flavor | Version | Tinstall | Tcheck | Ttotal | Status | Flags |
---|---|---|---|---|---|---|
r-devel-linux-x86_64-debian-clang | 1.1.4 | 9.99 | 74.70 | 84.69 | OK | |
r-devel-linux-x86_64-debian-gcc | 1.1.4 | 7.57 | 55.47 | 63.04 | OK | |
r-devel-linux-x86_64-fedora-clang | 1.1.4 | 108.24 | NOTE | |||
r-devel-linux-x86_64-fedora-gcc | 1.1.4 | 108.12 | NOTE | |||
r-devel-windows-x86_64 | 1.1.4 | 32.00 | 111.00 | 143.00 | OK | |
r-patched-linux-x86_64 | 1.1.4 | 10.82 | 69.61 | 80.43 | OK | |
r-release-linux-x86_64 | 1.1.4 | 6.00 | 70.83 | 76.83 | OK | |
r-release-macos-arm64 | 1.1.4 | 34.00 | NOTE | |||
r-release-macos-x86_64 | 1.1.4 | 56.00 | NOTE | |||
r-release-windows-x86_64 | 1.1.4 | 41.00 | 104.00 | 145.00 | OK | |
r-oldrel-macos-arm64 | 1.1.4 | 28.00 | NOTE | |||
r-oldrel-macos-x86_64 | 1.1.4 | 46.00 | NOTE | |||
r-oldrel-windows-ix86+x86_64 | 1.1.4 | 22.00 | 98.00 | 120.00 | OK |
Version: 1.1.4
Check: dependencies in R code
Result: NOTE
Namespaces in Imports field not imported from:
‘bitops’ ‘httpuv’
All declared Imports should be used.
Flavors: r-devel-linux-x86_64-fedora-clang, r-devel-linux-x86_64-fedora-gcc, r-release-macos-arm64, r-release-macos-x86_64, r-oldrel-macos-arm64, r-oldrel-macos-x86_64