CRAN Package Check Results for Package rHealthDataGov

Last updated on 2021-09-22 08:50:27 CEST.

Flavor Version Tinstall Tcheck Ttotal Status Flags
r-devel-linux-x86_64-debian-clang 1.0.1 3.13 28.20 31.33 NOTE
r-devel-linux-x86_64-debian-gcc 1.0.1 2.67 22.26 24.93 NOTE
r-devel-linux-x86_64-fedora-clang 1.0.1 46.98 NOTE
r-devel-linux-x86_64-fedora-gcc 1.0.1 36.33 NOTE
r-devel-windows-x86_64 1.0.1 5.00 35.00 40.00 NOTE
r-devel-windows-x86_64-gcc10-UCRT 1.0.1 ERROR
r-patched-linux-x86_64 1.0.1 3.04 27.00 30.04 NOTE
r-patched-solaris-x86 1.0.1 58.20 NOTE
r-release-linux-x86_64 1.0.1 3.22 27.31 30.53 NOTE
r-release-macos-arm64 1.0.1 NOTE
r-release-macos-x86_64 1.0.1 NOTE
r-release-windows-ix86+x86_64 1.0.1 7.00 37.00 44.00 NOTE
r-oldrel-macos-x86_64 1.0.1 NOTE
r-oldrel-windows-ix86+x86_64 1.0.1 6.00 35.00 41.00 NOTE

Check Details

Version: 1.0.1
Check: R code for possible problems
Result: NOTE
    .quick_fetch: no visible global function definition for 'POST'
    .quick_fetch: no visible global function definition for 'add_headers'
    .quick_fetch: no visible global function definition for
     'stop_for_status'
    .quick_fetch: no visible global function definition for 'content'
    fetch_healthdata: no visible binding for global variable 'resources'
    fetch_healthdata : <anonymous>: no visible binding for global variable
     'filters'
    Undefined global functions or variables:
     POST add_headers content filters resources stop_for_status
Flavors: r-devel-linux-x86_64-debian-clang, r-devel-linux-x86_64-debian-gcc, r-devel-linux-x86_64-fedora-clang, r-devel-linux-x86_64-fedora-gcc, r-devel-windows-x86_64, r-devel-windows-x86_64-gcc10-UCRT, r-patched-linux-x86_64, r-patched-solaris-x86, r-release-linux-x86_64, r-release-macos-arm64, r-release-macos-x86_64, r-release-windows-ix86+x86_64, r-oldrel-macos-x86_64, r-oldrel-windows-ix86+x86_64

Version: 1.0.1
Check: PDF version of manual
Result: WARN
    LaTeX errors when creating PDF version.
    This typically indicates Rd problems.
Flavor: r-devel-windows-x86_64-gcc10-UCRT

Version: 1.0.1
Check: PDF version of manual without hyperrefs or index
Result: ERROR
    Re-running with no redirection of stdout/stderr.
Flavor: r-devel-windows-x86_64-gcc10-UCRT