CRAN Package Check Results for Package rGhanaCensus

Last updated on 2024-02-24 19:50:50 CET.

Flavor Version Tinstall Tcheck Ttotal Status Flags
r-devel-linux-x86_64-debian-clang 0.1.0 1.88 40.59 42.47 NOTE
r-devel-linux-x86_64-debian-gcc 0.1.0 1.30 31.02 32.32 NOTE
r-devel-linux-x86_64-fedora-clang 0.1.0 54.07 NOTE
r-devel-linux-x86_64-fedora-gcc 0.1.0 65.50 NOTE
r-devel-windows-x86_64 0.1.0 3.00 51.00 54.00 OK
r-patched-linux-x86_64 0.1.0 1.83 39.44 41.27 OK
r-release-linux-x86_64 0.1.0 2.10 38.09 40.19 OK
r-release-macos-arm64 0.1.0 25.00 OK
r-release-macos-x86_64 0.1.0 39.00 OK
r-release-windows-x86_64 0.1.0 4.00 55.00 59.00 OK
r-oldrel-macos-arm64 0.1.0 23.00 OK
r-oldrel-windows-x86_64 0.1.0 4.00 59.00 63.00 OK

Check Details

Version: 0.1.0
Check: Rd files
Result: NOTE checkRd: (-1) Ghana_2021_school_attendance.Rd:75: Lost braces in \itemize; meant \describe ? checkRd: (-1) Ghana_2021_school_attendance_geometry.Rd:75: Lost braces in \itemize; meant \describe ? Flavors: r-devel-linux-x86_64-debian-clang, r-devel-linux-x86_64-debian-gcc, r-devel-linux-x86_64-fedora-clang, r-devel-linux-x86_64-fedora-gcc