CRAN Package Check Results for Package rEMM

Last updated on 2020-07-14 09:50:46 CEST.

Flavor Version Tinstall Tcheck Ttotal Status Flags
r-devel-linux-x86_64-debian-clang 1.0-11 6.13 69.23 75.36 OK
r-devel-linux-x86_64-debian-gcc 1.0-11 5.24 53.04 58.28 OK
r-devel-linux-x86_64-fedora-clang 1.0-11 98.08 NOTE
r-devel-linux-x86_64-fedora-gcc 1.0-11 117.51 NOTE
r-devel-windows-ix86+x86_64 1.0-11 23.00 113.00 136.00 OK
r-patched-linux-x86_64 1.0-11 6.84 68.37 75.21 OK
r-patched-solaris-x86 1.0-11 132.30 OK
r-release-linux-x86_64 1.0-11 5.97 68.64 74.61 OK
r-release-macos-x86_64 1.0-11 FAIL
r-release-windows-ix86+x86_64 1.0-11 19.00 107.00 126.00 OK
r-oldrel-macos-x86_64 1.0-11 NOTE
r-oldrel-windows-ix86+x86_64 1.0-11 17.00 144.00 161.00 OK

Check Details

Version: 1.0-11
Check: compiled code
Result: NOTE
    File ‘rEMM/libs/rEMM.so’:
     Found no calls to: ‘R_registerRoutines’, ‘R_useDynamicSymbols’
    
    It is good practice to register native routines and to disable symbol
    search.
    
    See ‘Writing portable packages’ in the ‘Writing R Extensions’ manual.
Flavors: r-devel-linux-x86_64-fedora-clang, r-devel-linux-x86_64-fedora-gcc

Version: 1.0-11
Check: DESCRIPTION meta-information
Result: FAIL
Flavor: r-release-macos-x86_64

Version: 1.0-11
Check: package dependencies
Result: NOTE
    Packages suggested but not available for checking: 'graph', 'Rgraphviz'
Flavor: r-oldrel-macos-x86_64