CRAN Package Check Results for Package rDNAse

Last updated on 2024-02-26 19:50:19 CET.

Flavor Version Tinstall Tcheck Ttotal Status Flags
r-devel-linux-x86_64-debian-clang 1.1-1 3.85 47.78 51.63 NOTE
r-devel-linux-x86_64-debian-gcc 1.1-1 2.98 36.75 39.73 NOTE
r-devel-linux-x86_64-fedora-clang 1.1-1 63.23 NOTE
r-devel-linux-x86_64-fedora-gcc 1.1-1 72.68 NOTE
r-devel-windows-x86_64 1.1-1 6.00 82.00 88.00 NOTE
r-patched-linux-x86_64 1.1-1 3.32 47.36 50.68 NOTE
r-release-linux-x86_64 1.1-1 3.79 47.08 50.87 NOTE
r-release-macos-arm64 1.1-1 29.00 NOTE
r-release-macos-x86_64 1.1-1 38.00 NOTE
r-release-windows-x86_64 1.1-1 6.00 82.00 88.00 NOTE
r-oldrel-macos-arm64 1.1-1 25.00 NOTE
r-oldrel-windows-x86_64 1.1-1 8.00 87.00 95.00 NOTE

Additional issues

donttest

Check Details

Version: 1.1-1
Check: LazyData
Result: NOTE 'LazyData' is specified without a 'data' directory Flavors: r-devel-linux-x86_64-debian-clang, r-devel-linux-x86_64-debian-gcc, r-devel-linux-x86_64-fedora-clang, r-devel-linux-x86_64-fedora-gcc, r-devel-windows-x86_64, r-patched-linux-x86_64, r-release-linux-x86_64, r-release-macos-arm64, r-release-macos-x86_64, r-release-windows-x86_64, r-oldrel-macos-arm64, r-oldrel-windows-x86_64

Version: 1.1-1
Check: re-building of vignette outputs
Result: NOTE Error(s) in re-building vignettes: ... --- re-building ‘rDNAse.Rnw’ using Sweave Loading required package: rDNAse Error: processing vignette 'rDNAse.Rnw' failed with diagnostics: Running 'texi2dvi' on 'rDNAse.tex' failed. LaTeX errors: ! LaTeX Error: File `tablefootnote.sty' not found. Type X to quit or <RETURN> to proceed, or enter new name. (Default extension: sty) ! Emergency stop. <read *> l.6 \usepackage [utf8]{inputenc}^^M ! ==> Fatal error occurred, no output PDF file produced! --- failed re-building ‘rDNAse.Rnw’ SUMMARY: processing the following file failed: ‘rDNAse.Rnw’ Error: Vignette re-building failed. Execution halted Flavor: r-release-macos-x86_64