CRAN Package Check Results for Package rAmCharts

Last updated on 2022-09-26 08:51:43 CEST.

Flavor Version Tinstall Tcheck Ttotal Status Flags
r-devel-linux-x86_64-debian-clang 2.1.13 15.98 138.75 154.73 OK
r-devel-linux-x86_64-debian-gcc 2.1.13 14.85 100.23 115.08 OK
r-devel-linux-x86_64-fedora-clang 2.1.13 179.59 NOTE
r-devel-linux-x86_64-fedora-gcc 2.1.13 170.81 OK
r-devel-windows-x86_64 2.1.13 26.00 284.00 310.00 NOTE
r-patched-linux-x86_64 2.1.13 18.63 117.34 135.97 OK
r-release-linux-x86_64 2.1.13 19.26 120.20 139.46 OK
r-release-macos-arm64 2.1.13 49.00 NOTE
r-release-macos-x86_64 2.1.13 67.00 NOTE
r-release-windows-x86_64 2.1.13 488.00 264.00 752.00 NOTE
r-oldrel-macos-arm64 2.1.13 52.00 NOTE
r-oldrel-macos-x86_64 2.1.13 98.00 NOTE
r-oldrel-windows-ix86+x86_64 2.1.13 35.00 157.00 192.00 NOTE

Check Details

Version: 2.1.13
Check: installed package size
Result: NOTE
     installed size is 12.1Mb
     sub-directories of 1Mb or more:
     api 3.2Mb
     htmlwidgets 7.1Mb
Flavors: r-devel-linux-x86_64-fedora-clang, r-devel-windows-x86_64, r-release-macos-arm64, r-release-macos-x86_64, r-release-windows-x86_64, r-oldrel-macos-arm64, r-oldrel-macos-x86_64, r-oldrel-windows-ix86+x86_64