Last updated on 2023-03-21 19:57:21 CET.
Flavor | Version | Tinstall | Tcheck | Ttotal | Status | Flags |
---|---|---|---|---|---|---|
r-devel-linux-x86_64-debian-clang | 1.1.9 | 4.20 | 53.21 | 57.41 | OK | |
r-devel-linux-x86_64-debian-gcc | 1.1.9 | 3.79 | 41.13 | 44.92 | OK | |
r-devel-linux-x86_64-fedora-clang | 1.1.9 | 71.94 | NOTE | |||
r-devel-linux-x86_64-fedora-gcc | 1.1.9 | 78.30 | NOTE | |||
r-patched-linux-x86_64 | 1.1.9 | 3.44 | 52.77 | 56.21 | OK | |
r-release-linux-x86_64 | 1.1.9 | 4.42 | 53.94 | 58.36 | OK | |
r-release-macos-arm64 | 1.1.9 | 34.00 | NOTE | |||
r-release-macos-x86_64 | 1.1.9 | 58.00 | NOTE | |||
r-release-windows-x86_64 | 1.1.9 | 17.00 | 94.00 | 111.00 | NOTE | |
r-oldrel-macos-arm64 | 1.1.9 | 40.00 | NOTE | |||
r-oldrel-macos-x86_64 | 1.1.9 | 50.00 | NOTE | |||
r-oldrel-windows-ix86+x86_64 | 1.1.9 | 12.00 | 88.00 | 100.00 | NOTE |
Version: 1.1.9
Check: installed package size
Result: NOTE
installed size is 5.7Mb
sub-directories of 1Mb or more:
doc 5.5Mb
Flavors: r-devel-linux-x86_64-fedora-clang, r-release-macos-arm64, r-release-macos-x86_64, r-release-windows-x86_64, r-oldrel-macos-arm64, r-oldrel-macos-x86_64, r-oldrel-windows-ix86+x86_64
Version: 1.1.9
Check: dependencies in R code
Result: NOTE
Namespaces in Imports field not imported from:
‘Hmisc’ ‘car’ ‘dplyr’ ‘grid’ ‘gridExtra’ ‘knitr’ ‘lmerTest’ ‘tidyr’
All declared Imports should be used.
Flavors: r-devel-linux-x86_64-fedora-clang, r-devel-linux-x86_64-fedora-gcc, r-release-macos-arm64, r-release-macos-x86_64, r-oldrel-macos-arm64, r-oldrel-macos-x86_64