CRAN Package Check Results for Package r6methods

Last updated on 2024-06-25 10:56:21 CEST.

Flavor Version Tinstall Tcheck Ttotal Status Flags
r-devel-linux-x86_64-debian-clang 0.1.0 5.14 55.27 60.41 NOTE
r-devel-linux-x86_64-debian-gcc 0.1.0 4.90 41.44 46.34 NOTE
r-devel-linux-x86_64-fedora-clang 0.1.0 80.57 NOTE
r-devel-linux-x86_64-fedora-gcc 0.1.0 72.07 NOTE
r-devel-windows-x86_64 0.1.0 7.00 60.00 67.00 NOTE
r-patched-linux-x86_64 0.1.0 6.26 52.87 59.13 NOTE
r-release-linux-x86_64 0.1.0 6.73 52.63 59.36 NOTE
r-release-macos-arm64 0.1.0 27.00 NOTE
r-release-macos-x86_64 0.1.0 39.00 NOTE
r-release-windows-x86_64 0.1.0 8.00 60.00 68.00 NOTE
r-oldrel-macos-arm64 0.1.0 27.00 NOTE
r-oldrel-macos-x86_64 0.1.0 41.00 NOTE
r-oldrel-windows-x86_64 0.1.0 9.00 69.00 78.00 NOTE

Check Details

Version: 0.1.0
Check: Rd files
Result: NOTE checkRd: (-1) extract_class.Rd:18: Lost braces in \itemize; \value handles \item{}{} directly checkRd: (-1) extract_class.Rd:19: Lost braces in \itemize; \value handles \item{}{} directly checkRd: (-1) extract_class.Rd:20: Lost braces in \itemize; \value handles \item{}{} directly Flavors: r-devel-linux-x86_64-debian-clang, r-devel-linux-x86_64-debian-gcc, r-devel-linux-x86_64-fedora-clang, r-devel-linux-x86_64-fedora-gcc, r-devel-windows-x86_64, r-patched-linux-x86_64, r-release-linux-x86_64, r-release-macos-arm64, r-release-macos-x86_64, r-release-windows-x86_64

Version: 0.1.0
Check: LazyData
Result: NOTE 'LazyData' is specified without a 'data' directory Flavors: r-devel-linux-x86_64-debian-clang, r-devel-linux-x86_64-debian-gcc, r-devel-linux-x86_64-fedora-clang, r-devel-linux-x86_64-fedora-gcc, r-devel-windows-x86_64, r-patched-linux-x86_64, r-release-linux-x86_64, r-release-macos-arm64, r-release-macos-x86_64, r-release-windows-x86_64, r-oldrel-macos-arm64, r-oldrel-macos-x86_64, r-oldrel-windows-x86_64