CRAN Package Check Results for Package r6methods

Last updated on 2023-10-03 09:08:26 CEST.

Flavor Version Tinstall Tcheck Ttotal Status Flags
r-devel-linux-x86_64-debian-clang 0.1.0 7.33 55.47 62.80 NOTE
r-devel-linux-x86_64-debian-gcc 0.1.0 5.07 41.98 47.05 NOTE
r-devel-linux-x86_64-fedora-clang 0.1.0 76.32 NOTE
r-devel-linux-x86_64-fedora-gcc 0.1.0 73.59 NOTE
r-devel-windows-x86_64 0.1.0 7.00 62.00 69.00 NOTE
r-patched-linux-x86_64 0.1.0 4.27 52.56 56.83 NOTE
r-release-linux-x86_64 0.1.0 4.45 53.49 57.94 NOTE
r-release-macos-arm64 0.1.0 27.00 NOTE
r-release-macos-x86_64 0.1.0 41.00 NOTE
r-release-windows-x86_64 0.1.0 9.00 67.00 76.00 NOTE
r-oldrel-macos-arm64 0.1.0 25.00 NOTE
r-oldrel-macos-x86_64 0.1.0 50.00 NOTE
r-oldrel-windows-x86_64 0.1.0 9.00 74.00 83.00 NOTE

Check Details

Version: 0.1.0
Check: LazyData
Result: NOTE
     'LazyData' is specified without a 'data' directory
Flavors: r-devel-linux-x86_64-debian-clang, r-devel-linux-x86_64-debian-gcc, r-devel-linux-x86_64-fedora-clang, r-devel-linux-x86_64-fedora-gcc, r-devel-windows-x86_64, r-patched-linux-x86_64, r-release-linux-x86_64, r-release-macos-arm64, r-release-macos-x86_64, r-release-windows-x86_64, r-oldrel-macos-arm64, r-oldrel-macos-x86_64, r-oldrel-windows-x86_64