Last updated on 2023-03-23 07:54:37 CET.
Flavor | Version | Tinstall | Tcheck | Ttotal | Status | Flags |
---|---|---|---|---|---|---|
r-devel-linux-x86_64-debian-clang | 1.44.0 | 52.77 | 255.19 | 307.96 | OK | |
r-devel-linux-x86_64-debian-gcc | 1.44.0 | 49.47 | 183.74 | 233.21 | OK | |
r-devel-linux-x86_64-fedora-clang | 1.44.0 | 410.24 | OK | |||
r-devel-linux-x86_64-fedora-gcc | 1.44.0 | 393.63 | OK | |||
r-patched-linux-x86_64 | 1.44.0 | 46.19 | 225.46 | 271.65 | OK | |
r-release-linux-x86_64 | 1.44.0 | 40.95 | 229.96 | 270.91 | OK | |
r-release-macos-arm64 | 1.44.0 | 107.00 | OK | |||
r-release-macos-x86_64 | 1.44.0 | 106.00 | OK | |||
r-release-windows-x86_64 | 1.44.0 | 99.00 | 321.00 | 420.00 | OK | |
r-oldrel-macos-arm64 | 1.44.0 | 88.00 | OK | |||
r-oldrel-macos-x86_64 | 1.44.0 | 103.00 | OK | |||
r-oldrel-windows-ix86+x86_64 | 1.44.0 | 88.00 | 239.00 | 327.00 | NOTE |
Version: 1.44.0
Check: dependencies in R code
Result: NOTE
Initiating curl with CURL_SSL_BACKEND: openssl
Flavor: r-oldrel-windows-ix86+x86_64