Last updated on 2023-03-30 08:53:47 CEST.
Flavor | Version | Tinstall | Tcheck | Ttotal | Status | Flags |
---|---|---|---|---|---|---|
r-devel-linux-x86_64-debian-clang | 0.0.2 | 5.99 | 167.97 | 173.96 | OK | |
r-devel-linux-x86_64-debian-gcc | 0.0.2 | 4.17 | 126.17 | 130.34 | OK | |
r-devel-linux-x86_64-fedora-clang | 0.0.2 | 205.42 | NOTE | |||
r-devel-linux-x86_64-fedora-gcc | 0.0.2 | 216.59 | OK | |||
r-devel-windows-x86_64 | 0.0.2 | 70.00 | 0.00 | 70.00 | NOTE | |
r-patched-linux-x86_64 | 0.0.2 | 6.71 | 158.53 | 165.24 | OK | |
r-release-linux-x86_64 | 0.0.2 | 3.33 | 159.81 | 163.14 | OK | |
r-release-macos-arm64 | 0.0.2 | 54.00 | NOTE | |||
r-release-macos-x86_64 | 0.0.2 | 76.00 | NOTE | |||
r-release-windows-x86_64 | 0.0.2 | 64.00 | 239.00 | 303.00 | NOTE | |
r-oldrel-macos-arm64 | 0.0.2 | 48.00 | NOTE | |||
r-oldrel-macos-x86_64 | 0.0.2 | 83.00 | NOTE | |||
r-oldrel-windows-ix86+x86_64 | 0.0.2 | 12.00 | 204.00 | 216.00 | NOTE |
Version: 0.0.2
Check: installed package size
Result: NOTE
installed size is 7.4Mb
sub-directories of 1Mb or more:
doc 5.3Mb
htmlwidgets 1.8Mb
Flavors: r-devel-linux-x86_64-fedora-clang, r-devel-windows-x86_64, r-release-macos-arm64, r-release-macos-x86_64, r-release-windows-x86_64, r-oldrel-macos-arm64, r-oldrel-macos-x86_64, r-oldrel-windows-ix86+x86_64