CRAN Package Check Results for Package r2sundials

Last updated on 2021-09-24 20:48:56 CEST.

Flavor Version Tinstall Tcheck Ttotal Status Flags
r-devel-linux-x86_64-debian-clang 5.0.0-10 68.38 191.68 260.06 OK
r-devel-linux-x86_64-debian-gcc 5.0.0-10 50.52 115.19 165.71 OK
r-devel-linux-x86_64-fedora-clang 5.0.0-10 351.13 NOTE
r-devel-linux-x86_64-fedora-gcc 5.0.0-10 309.62 OK
r-devel-windows-x86_64 5.0.0-10 67.00 163.00 230.00 OK
r-devel-windows-x86_64-gcc10-UCRT 5.0.0-10 OK
r-patched-linux-x86_64 5.0.0-10 58.38 155.33 213.71 OK
r-patched-solaris-x86 5.0.0-10 231.70 OK
r-release-linux-x86_64 5.0.0-10 60.05 156.46 216.51 OK
r-release-macos-arm64 5.0.0-10 NOTE
r-release-macos-x86_64 5.0.0-10 NOTE
r-release-windows-ix86+x86_64 5.0.0-10 173.00 303.00 476.00 OK
r-oldrel-macos-x86_64 5.0.0-10 NOTE
r-oldrel-windows-ix86+x86_64 5.0.0-10 121.00 299.00 420.00 OK

Check Details

Version: 5.0.0-10
Check: installed package size
Result: NOTE
     installed size is 6.3Mb
     sub-directories of 1Mb or more:
     libs 3.9Mb
Flavors: r-devel-linux-x86_64-fedora-clang, r-release-macos-arm64, r-release-macos-x86_64, r-oldrel-macos-x86_64