CRAN Package Check Results for Package r2glmm

Last updated on 2019-08-23 10:48:21 CEST.

Flavor Version Tinstall Tcheck Ttotal Status Flags
r-devel-linux-x86_64-debian-clang 0.1.2 3.06 38.79 41.85 OK
r-devel-linux-x86_64-debian-gcc 0.1.2 2.58 29.55 32.13 OK
r-devel-linux-x86_64-fedora-clang 0.1.2 49.34 NOTE
r-devel-linux-x86_64-fedora-gcc 0.1.2 47.95 NOTE
r-devel-windows-ix86+x86_64 0.1.2 9.00 71.00 80.00 OK
r-patched-linux-x86_64 0.1.2 2.26 37.50 39.76 OK
r-patched-solaris-x86 0.1.2 73.30 NOTE
r-release-linux-x86_64 0.1.2 2.51 37.87 40.38 OK
r-release-windows-ix86+x86_64 0.1.2 13.00 77.00 90.00 OK
r-release-osx-x86_64 0.1.2 NOTE
r-oldrel-windows-ix86+x86_64 0.1.2 7.00 66.00 73.00 OK
r-oldrel-osx-x86_64 0.1.2 NOTE

Check Details

Version: 0.1.2
Check: dependencies in R code
Result: NOTE
    Namespaces in Imports field not imported from:
     ‘data.table’ ‘dplyr’ ‘lmerTest’
     All declared Imports should be used.
Flavors: r-devel-linux-x86_64-fedora-clang, r-devel-linux-x86_64-fedora-gcc, r-patched-solaris-x86, r-release-osx-x86_64, r-oldrel-osx-x86_64