CRAN Package Check Results for Package r2glmm

Last updated on 2020-01-23 09:52:15 CET.

Flavor Version Tinstall Tcheck Ttotal Status Flags
r-devel-linux-x86_64-debian-clang 0.1.2 3.32 41.46 44.78 OK
r-devel-linux-x86_64-debian-gcc 0.1.2 2.69 32.34 35.03 OK
r-devel-linux-x86_64-fedora-clang 0.1.2 54.29 NOTE
r-devel-linux-x86_64-fedora-gcc 0.1.2 53.23 NOTE
r-devel-windows-ix86+x86_64 0.1.2 9.00 76.00 85.00 OK
r-devel-windows-ix86+x86_64-gcc8 0.1.2 14.00 51.00 65.00 OK
r-patched-linux-x86_64 0.1.2 2.66 37.62 40.28 OK
r-patched-solaris-x86 0.1.2 67.10 NOTE
r-release-linux-x86_64 0.1.2 2.97 37.63 40.60 OK
r-release-windows-ix86+x86_64 0.1.2 6.00 61.00 67.00 OK
r-release-osx-x86_64 0.1.2 NOTE
r-oldrel-windows-ix86+x86_64 0.1.2 4.00 48.00 52.00 OK
r-oldrel-osx-x86_64 0.1.2 NOTE

Check Details

Version: 0.1.2
Check: dependencies in R code
Result: NOTE
    Namespaces in Imports field not imported from:
     ‘data.table’ ‘dplyr’ ‘lmerTest’
     All declared Imports should be used.
Flavors: r-devel-linux-x86_64-fedora-clang, r-devel-linux-x86_64-fedora-gcc, r-patched-solaris-x86, r-release-osx-x86_64, r-oldrel-osx-x86_64