CRAN Package Check Results for Package r2dii.data

Last updated on 2021-11-30 19:51:33 CET.

Flavor Version Tinstall Tcheck Ttotal Status Flags
r-devel-linux-x86_64-debian-clang 0.2.2 3.30 28.16 31.46 OK
r-devel-linux-x86_64-debian-gcc 0.2.2 2.68 23.00 25.68 OK
r-devel-linux-x86_64-fedora-clang 0.2.2 50.25 NOTE
r-devel-linux-x86_64-fedora-gcc 0.2.2 38.84 NOTE
r-devel-windows-x86_64-new-UL 0.2.2 13.00 77.00 90.00 OK
r-devel-windows-x86_64-new-TK 0.2.2 NOTE
r-devel-windows-x86_64-old 0.2.2 6.00 37.00 43.00 OK
r-patched-linux-x86_64 0.2.2 3.22 27.60 30.82 OK
r-patched-solaris-x86 0.2.2 61.10 NOTE
r-release-linux-x86_64 0.2.2 2.61 27.55 30.16 OK
r-release-macos-arm64 0.2.2 NOTE
r-release-macos-x86_64 0.2.2 NOTE
r-release-windows-ix86+x86_64 0.2.2 7.00 39.00 46.00 OK
r-oldrel-macos-x86_64 0.2.2 NOTE
r-oldrel-windows-ix86+x86_64 0.2.2 7.00 51.00 58.00 OK

Check Details

Version: 0.2.2
Check: data for non-ASCII characters
Result: NOTE
     Note: found 34 marked UTF-8 strings
Flavors: r-devel-linux-x86_64-fedora-clang, r-devel-linux-x86_64-fedora-gcc, r-devel-windows-x86_64-new-TK, r-patched-solaris-x86, r-release-macos-arm64, r-release-macos-x86_64, r-oldrel-macos-x86_64