Last updated on 2023-03-29 08:53:48 CEST.
Flavor | Version | Tinstall | Tcheck | Ttotal | Status | Flags |
---|---|---|---|---|---|---|
r-devel-linux-x86_64-debian-clang | 0.2 | 2.00 | 23.60 | 25.60 | NOTE | |
r-devel-linux-x86_64-debian-gcc | 0.2 | 1.74 | 18.70 | 20.44 | NOTE | |
r-devel-linux-x86_64-fedora-clang | 0.2 | 33.81 | NOTE | |||
r-devel-linux-x86_64-fedora-gcc | 0.2 | 31.56 | NOTE | |||
r-devel-windows-x86_64 | 0.2 | 9.00 | 0.00 | 9.00 | NOTE | |
r-patched-linux-x86_64 | 0.2 | 1.73 | 23.02 | 24.75 | NOTE | |
r-release-linux-x86_64 | 0.2 | 1.61 | 24.92 | 26.53 | NOTE | |
r-release-macos-arm64 | 0.2 | 17.00 | NOTE | |||
r-release-macos-x86_64 | 0.2 | 29.00 | NOTE | |||
r-release-windows-x86_64 | 0.2 | 16.00 | 53.00 | 69.00 | NOTE | |
r-oldrel-macos-arm64 | 0.2 | 27.00 | NOTE | |||
r-oldrel-macos-x86_64 | 0.2 | 41.00 | NOTE | |||
r-oldrel-windows-ix86+x86_64 | 0.2 | 8.00 | 51.00 | 59.00 | NOTE |
Version: 0.2
Check: LazyData
Result: NOTE
'LazyData' is specified without a 'data' directory
Flavors: r-devel-linux-x86_64-debian-clang, r-devel-linux-x86_64-debian-gcc, r-devel-linux-x86_64-fedora-clang, r-devel-linux-x86_64-fedora-gcc, r-devel-windows-x86_64, r-patched-linux-x86_64, r-release-linux-x86_64, r-release-macos-arm64, r-release-macos-x86_64, r-release-windows-x86_64, r-oldrel-macos-arm64, r-oldrel-macos-x86_64, r-oldrel-windows-ix86+x86_64