CRAN Package Check Results for Package quickReg

Last updated on 2019-08-23 10:48:21 CEST.

Flavor Version Tinstall Tcheck Ttotal Status Flags
r-devel-linux-x86_64-debian-clang 1.5.0 5.22 65.17 70.39 OK
r-devel-linux-x86_64-debian-gcc 1.5.0 4.32 49.43 53.75 OK
r-devel-linux-x86_64-fedora-clang 1.5.0 81.11 NOTE
r-devel-linux-x86_64-fedora-gcc 1.5.0 81.00 NOTE
r-devel-windows-ix86+x86_64 1.5.0 12.00 77.00 89.00 OK
r-patched-linux-x86_64 1.5.0 4.75 62.58 67.33 OK
r-patched-solaris-x86 1.5.0 121.10 NOTE
r-release-linux-x86_64 1.5.0 4.18 62.48 66.66 OK
r-release-windows-ix86+x86_64 1.5.0 21.00 105.00 126.00 OK
r-release-osx-x86_64 1.5.0 NOTE
r-oldrel-windows-ix86+x86_64 1.5.0 8.00 104.00 112.00 OK
r-oldrel-osx-x86_64 1.5.0 NOTE

Check Details

Version: 1.5.0
Check: dependencies in R code
Result: NOTE
    Namespace in Imports field not imported from: ‘psych’
     All declared Imports should be used.
Flavors: r-devel-linux-x86_64-fedora-clang, r-devel-linux-x86_64-fedora-gcc, r-patched-solaris-x86, r-release-osx-x86_64, r-oldrel-osx-x86_64