CRAN Package Check Results for Package quantoptr

Last updated on 2021-12-03 19:50:22 CET.

Flavor Version Tinstall Tcheck Ttotal Status Flags
r-devel-linux-x86_64-debian-clang 0.1.3 16.04 144.30 160.34 NOTE
r-devel-linux-x86_64-debian-gcc 0.1.3 12.90 106.73 119.63 NOTE
r-devel-linux-x86_64-fedora-clang 0.1.3 203.07 NOTE
r-devel-linux-x86_64-fedora-gcc 0.1.3 188.18 NOTE
r-devel-windows-x86_64-new-UL 0.1.3 26.00 182.00 208.00 NOTE
r-devel-windows-x86_64-new-TK 0.1.3 NOTE
r-devel-windows-x86_64-old 0.1.3 29.00 131.00 160.00 NOTE
r-patched-linux-x86_64 0.1.3 16.73 132.36 149.09 NOTE
r-release-linux-x86_64 0.1.3 14.53 133.42 147.95 NOTE
r-release-macos-arm64 0.1.3 NOTE
r-release-macos-x86_64 0.1.3 NOTE
r-release-windows-ix86+x86_64 0.1.3 39.00 164.00 203.00 NOTE
r-oldrel-macos-x86_64 0.1.3 OK
r-oldrel-windows-ix86+x86_64 0.1.3 40.00 170.00 210.00 OK

Check Details

Version: 0.1.3
Check: LazyData
Result: NOTE
     'LazyData' is specified without a 'data' directory
Flavors: r-devel-linux-x86_64-debian-clang, r-devel-linux-x86_64-debian-gcc, r-devel-linux-x86_64-fedora-clang, r-devel-linux-x86_64-fedora-gcc, r-devel-windows-x86_64-new-UL, r-devel-windows-x86_64-new-TK, r-devel-windows-x86_64-old, r-patched-linux-x86_64, r-release-linux-x86_64, r-release-macos-arm64, r-release-macos-x86_64, r-release-windows-ix86+x86_64