CRAN Package Check Results for Package quantkriging

Last updated on 2024-02-23 07:52:17 CET.

Flavor Version Tinstall Tcheck Ttotal Status Flags
r-devel-linux-x86_64-debian-clang 0.1.0 NOTE
r-devel-linux-x86_64-debian-gcc 0.1.0 2.33 43.74 46.07 NOTE
r-devel-linux-x86_64-fedora-clang 0.1.0 74.82 NOTE
r-devel-linux-x86_64-fedora-gcc 0.1.0 72.28 NOTE
r-devel-windows-x86_64 0.1.0 4.00 61.00 65.00 NOTE
r-patched-linux-x86_64 0.1.0 3.48 57.01 60.49 NOTE
r-release-linux-x86_64 0.1.0 3.42 57.01 60.43 NOTE
r-release-macos-arm64 0.1.0 26.00 NOTE
r-release-macos-x86_64 0.1.0 43.00 NOTE
r-release-windows-x86_64 0.1.0 5.00 72.00 77.00 NOTE
r-oldrel-macos-arm64 0.1.0 28.00 NOTE
r-oldrel-windows-x86_64 0.1.0 6.00 77.00 83.00 NOTE

Check Details

Version: 0.1.0
Check: LazyData
Result: NOTE 'LazyData' is specified without a 'data' directory Flavors: r-devel-linux-x86_64-debian-clang, r-devel-linux-x86_64-debian-gcc, r-devel-linux-x86_64-fedora-clang, r-devel-linux-x86_64-fedora-gcc, r-devel-windows-x86_64, r-patched-linux-x86_64, r-release-linux-x86_64, r-release-macos-arm64, r-release-macos-x86_64, r-release-windows-x86_64, r-oldrel-macos-arm64, r-oldrel-windows-x86_64