CRAN Package Check Results for Package quantilogram

Last updated on 2024-02-21 19:53:24 CET.

Flavor Version Tinstall Tcheck Ttotal Status Flags
r-devel-linux-x86_64-debian-clang 2.2.1 OK
r-devel-linux-x86_64-debian-gcc 2.2.1 7.10 65.79 72.89 OK
r-devel-linux-x86_64-fedora-clang 2.2.1 118.18 NOTE
r-devel-linux-x86_64-fedora-gcc 2.2.1 115.22 NOTE
r-devel-windows-x86_64 2.2.1 9.00 84.00 93.00 OK
r-patched-linux-x86_64 2.2.1 8.04 85.41 93.45 OK
r-release-linux-x86_64 2.2.1 11.39 85.60 96.99 OK
r-release-macos-arm64 2.2.1 39.00 OK
r-release-macos-x86_64 2.2.1 63.00 OK
r-release-windows-x86_64 2.2.1 12.00 95.00 107.00 OK
r-oldrel-macos-arm64 2.2.1 50.00 NOTE
r-oldrel-windows-x86_64 2.2.1 12.00 97.00 109.00 OK

Check Details

Version: 2.2.1
Check: dependencies in R code
Result: NOTE Namespace in Imports field not imported from: ‘SparseM’ All declared Imports should be used. Flavors: r-devel-linux-x86_64-fedora-clang, r-devel-linux-x86_64-fedora-gcc, r-oldrel-macos-arm64