CRAN Package Check Results for Package quadtree

Last updated on 2024-02-23 19:48:56 CET.

Flavor Version Tinstall Tcheck Ttotal Status Flags
r-devel-linux-x86_64-debian-clang 0.1.14 NOTE
r-devel-linux-x86_64-debian-gcc 0.1.14 97.64 261.99 359.63 NOTE
r-devel-linux-x86_64-fedora-clang 0.1.14 615.83 OK
r-devel-linux-x86_64-fedora-gcc 0.1.14 621.28 OK
r-devel-windows-x86_64 0.1.14 93.00 263.00 356.00 OK
r-patched-linux-x86_64 0.1.14 125.05 343.32 468.37 OK
r-release-linux-x86_64 0.1.14 111.40 342.64 454.04 OK
r-release-macos-arm64 0.1.14 157.00 NOTE
r-release-macos-x86_64 0.1.14 368.00 NOTE
r-release-windows-x86_64 0.1.14 96.00 354.00 450.00 OK
r-oldrel-macos-arm64 0.1.14 130.00 NOTE
r-oldrel-windows-x86_64 0.1.14 118.00 336.00 454.00 OK

Check Details

Version: 0.1.14
Check: Rd files
Result: NOTE checkRd: (-1) find_lcp.Rd:60: Lost braces in \itemize; \value handles \item{}{} directly checkRd: (-1) find_lcp.Rd:61: Lost braces in \itemize; \value handles \item{}{} directly checkRd: (-1) find_lcp.Rd:62: Lost braces in \itemize; \value handles \item{}{} directly checkRd: (-1) find_lcp.Rd:63-65: Lost braces in \itemize; \value handles \item{}{} directly checkRd: (-1) find_lcp.Rd:66: Lost braces in \itemize; \value handles \item{}{} directly checkRd: (-1) find_lcp.Rd:67: Lost braces in \itemize; \value handles \item{}{} directly checkRd: (-1) summarize_lcps.Rd:17: Lost braces in \itemize; \value handles \item{}{} directly checkRd: (-1) summarize_lcps.Rd:18-19: Lost braces in \itemize; \value handles \item{}{} directly checkRd: (-1) summarize_lcps.Rd:20: Lost braces in \itemize; \value handles \item{}{} directly checkRd: (-1) summarize_lcps.Rd:21: Lost braces in \itemize; \value handles \item{}{} directly checkRd: (-1) summarize_lcps.Rd:22: Lost braces in \itemize; \value handles \item{}{} directly checkRd: (-1) summarize_lcps.Rd:23-25: Lost braces in \itemize; \value handles \item{}{} directly Flavors: r-devel-linux-x86_64-debian-clang, r-devel-linux-x86_64-debian-gcc

Version: 0.1.14
Check: installed package size
Result: NOTE installed size is 10.9Mb sub-directories of 1Mb or more: doc 1.7Mb libs 8.3Mb Flavors: r-release-macos-arm64, r-release-macos-x86_64, r-oldrel-macos-arm64