CRAN Package Check Results for Package quadrupen

Last updated on 2022-06-30 21:49:51 CEST.

Flavor Version Tinstall Tcheck Ttotal Status Flags
r-devel-linux-x86_64-debian-clang 0.2-8 117.24 198.01 315.25 OK
r-devel-linux-x86_64-debian-gcc 0.2-8 101.73 138.46 240.19 OK
r-devel-linux-x86_64-fedora-clang 0.2-8 429.90 NOTE
r-devel-linux-x86_64-fedora-gcc 0.2-8 410.26 OK
r-devel-windows-x86_64 0.2-8 120.00 226.00 346.00 OK
r-patched-linux-x86_64 0.2-8 100.18 186.65 286.83 OK
r-release-linux-x86_64 0.2-8 110.87 185.30 296.17 OK
r-release-macos-arm64 0.2-8 102.00 NOTE
r-release-macos-x86_64 0.2-8 221.00 NOTE
r-release-windows-x86_64 0.2-8 108.00 224.00 332.00 OK
r-oldrel-macos-arm64 0.2-8 117.00 NOTE
r-oldrel-macos-x86_64 0.2-8 180.00 NOTE
r-oldrel-windows-ix86+x86_64 0.2-8 295.00 371.00 666.00 OK

Check Details

Version: 0.2-8
Check: installed package size
Result: NOTE
     installed size is 6.8Mb
     sub-directories of 1Mb or more:
     libs 6.3Mb
Flavors: r-devel-linux-x86_64-fedora-clang, r-release-macos-arm64, r-release-macos-x86_64, r-oldrel-macos-arm64, r-oldrel-macos-x86_64