CRAN Package Check Results for Package qst

Last updated on 2023-03-30 08:53:47 CEST.

Flavor Version Tinstall Tcheck Ttotal Status Flags
r-devel-linux-x86_64-debian-clang 0.1.2 6.12 50.22 56.34 NOTE
r-devel-linux-x86_64-debian-gcc 0.1.2 4.79 38.10 42.89 NOTE
r-devel-linux-x86_64-fedora-clang 0.1.2 70.76 NOTE
r-devel-linux-x86_64-fedora-gcc 0.1.2 68.57 NOTE
r-devel-windows-x86_64 0.1.2 9.00 0.00 9.00 NOTE
r-patched-linux-x86_64 0.1.2 5.76 47.73 53.49 NOTE
r-release-linux-x86_64 0.1.2 6.07 49.71 55.78 NOTE
r-release-macos-arm64 0.1.2 23.00 NOTE
r-release-macos-x86_64 0.1.2 41.00 NOTE
r-release-windows-x86_64 0.1.2 15.00 77.00 92.00 NOTE
r-oldrel-macos-arm64 0.1.2 26.00 NOTE
r-oldrel-macos-x86_64 0.1.2 33.00 NOTE
r-oldrel-windows-ix86+x86_64 0.1.2 16.00 81.00 97.00 NOTE

Check Details

Version: 0.1.2
Check: LazyData
Result: NOTE
     'LazyData' is specified without a 'data' directory
Flavors: r-devel-linux-x86_64-debian-clang, r-devel-linux-x86_64-debian-gcc, r-devel-linux-x86_64-fedora-clang, r-devel-linux-x86_64-fedora-gcc, r-devel-windows-x86_64, r-patched-linux-x86_64, r-release-linux-x86_64, r-release-macos-arm64, r-release-macos-x86_64, r-release-windows-x86_64, r-oldrel-macos-arm64, r-oldrel-macos-x86_64, r-oldrel-windows-ix86+x86_64