CRAN Package Check Results for Package qrmdata

Last updated on 2021-09-20 20:49:00 CEST.

Flavor Version Tinstall Tcheck Ttotal Status Flags
r-devel-linux-x86_64-debian-clang 2019-12-03-1 3.44 44.88 48.32 OK
r-devel-linux-x86_64-debian-gcc 2019-12-03-1 2.47 35.76 38.23 OK
r-devel-linux-x86_64-fedora-clang 2019-12-03-1 66.50 NOTE
r-devel-linux-x86_64-fedora-gcc 2019-12-03-1 55.94 OK
r-devel-windows-x86_64 2019-12-03-1 4.00 55.00 59.00 NOTE
r-devel-windows-x86_64-gcc10-UCRT 2019-12-03-1 ERROR
r-patched-linux-x86_64 2019-12-03-1 4.23 43.78 48.01 OK
r-patched-solaris-x86 2019-12-03-1 94.10 NOTE
r-release-linux-x86_64 2019-12-03-1 2.65 43.62 46.27 OK
r-release-macos-arm64 2019-12-03-1 NOTE
r-release-macos-x86_64 2019-12-03-1 NOTE
r-release-windows-ix86+x86_64 2019-12-03-1 7.00 53.00 60.00 NOTE
r-oldrel-macos-x86_64 2019-12-03-1 NOTE
r-oldrel-windows-ix86+x86_64 2019-12-03-1 6.00 50.00 56.00 NOTE

Check Details

Version: 2019-12-03-1
Check: installed package size
Result: NOTE
     installed size is 11.0Mb
     sub-directories of 1Mb or more:
     data 10.8Mb
Flavors: r-devel-linux-x86_64-fedora-clang, r-devel-windows-x86_64, r-patched-solaris-x86, r-release-macos-arm64, r-release-macos-x86_64, r-release-windows-ix86+x86_64, r-oldrel-macos-x86_64, r-oldrel-windows-ix86+x86_64

Version: 2019-12-03-1
Check: whether package can be installed
Result: WARN
    Found the following significant warnings:
     WARNING: installation-time patches will not be applied, could not get the patches index
Flavor: r-devel-windows-x86_64-gcc10-UCRT

Version: 2019-12-03-1
Check: PDF version of manual
Result: WARN
    LaTeX errors when creating PDF version.
    This typically indicates Rd problems.
Flavor: r-devel-windows-x86_64-gcc10-UCRT

Version: 2019-12-03-1
Check: PDF version of manual without hyperrefs or index
Result: ERROR
    Re-running with no redirection of stdout/stderr.
Flavor: r-devel-windows-x86_64-gcc10-UCRT