CRAN Package Check Results for Package qrLMM

Last updated on 2022-01-18 20:50:49 CET.

Flavor Version Tinstall Tcheck Ttotal Status Flags
r-devel-linux-x86_64-debian-clang 2.1 19.69 152.43 172.12 OK
r-devel-linux-x86_64-debian-gcc 2.1 17.61 118.39 136.00 OK
r-devel-linux-x86_64-fedora-clang 2.1 217.58 NOTE
r-devel-linux-x86_64-fedora-gcc 2.1 200.87 OK
r-devel-windows-x86_64-new-UL 2.1 22.00 159.00 181.00 OK
r-devel-windows-x86_64-new-TK 2.1 OK
r-patched-linux-x86_64 2.1 17.57 151.37 168.94 OK
r-release-linux-x86_64 2.1 OK
r-release-macos-arm64 2.1 OK
r-release-macos-x86_64 2.1 OK
r-release-windows-ix86+x86_64 2.1 41.00 166.00 207.00 OK
r-oldrel-macos-x86_64 2.1 OK
r-oldrel-windows-ix86+x86_64 2.1 42.00 162.00 204.00 OK

Check Details

Version: 2.1
Check: Rd cross-references
Result: NOTE
    Undeclared package ‘qrNLMM’ in Rd xrefs
Flavor: r-devel-linux-x86_64-fedora-clang