CRAN Package Check Results for Package qqconf

Last updated on 2021-12-03 07:50:30 CET.

Flavor Version Tinstall Tcheck Ttotal Status Flags
r-devel-linux-x86_64-debian-clang 1.0.0 3.95 29.03 32.98 OK
r-devel-linux-x86_64-debian-gcc 1.0.0 2.96 22.83 25.79 OK
r-devel-linux-x86_64-fedora-clang 1.1.0 62.79 NOTE
r-devel-linux-x86_64-fedora-gcc 1.1.0 52.78 NOTE
r-devel-windows-x86_64-new-UL 1.0.0 15.00 66.00 81.00 OK
r-devel-windows-x86_64-new-TK 1.0.0 NOTE
r-devel-windows-x86_64-old 1.0.0 9.00 37.00 46.00 OK
r-patched-linux-x86_64 1.0.0 4.24 27.29 31.53 OK
r-patched-solaris-x86 1.0.0 59.80 NOTE
r-release-linux-x86_64 1.0.0 4.21 27.57 31.78 OK
r-release-macos-arm64 1.0.0 NOTE
r-release-macos-x86_64 1.0.0 NOTE
r-release-windows-ix86+x86_64 1.0.0 13.00 54.00 67.00 OK
r-oldrel-macos-x86_64 1.0.0 NOTE
r-oldrel-windows-ix86+x86_64 1.0.0 12.00 55.00 67.00 OK

Check Details

Version: 1.1.0
Check: dependencies in R code
Result: NOTE
    Namespaces in Imports field not imported from:
     ‘distr’ ‘ggplot2’
     All declared Imports should be used.
Flavors: r-devel-linux-x86_64-fedora-clang, r-devel-linux-x86_64-fedora-gcc

Version: 1.0.0
Check: dependencies in R code
Result: NOTE
    Namespace in Imports field not imported from: 'ggplot2'
     All declared Imports should be used.
Flavors: r-devel-windows-x86_64-new-TK, r-patched-solaris-x86, r-release-macos-arm64, r-release-macos-x86_64, r-oldrel-macos-x86_64