Last updated on 2023-09-27 21:01:31 CEST.
Flavor | Version | Tinstall | Tcheck | Ttotal | Status | Flags |
---|---|---|---|---|---|---|
r-devel-linux-x86_64-debian-clang | 1.3.4 | 15.59 | 415.19 | 430.78 | OK | |
r-devel-linux-x86_64-debian-gcc | 1.3.4 | 11.91 | 316.39 | 328.30 | OK | |
r-devel-linux-x86_64-fedora-clang | 1.3.4 | 510.09 | NOTE | |||
r-devel-linux-x86_64-fedora-gcc | 1.3.4 | 534.99 | OK | |||
r-devel-windows-x86_64 | 1.3.4 | 18.00 | 356.00 | 374.00 | NOTE | |
r-patched-linux-x86_64 | 1.3.4 | 16.22 | 415.84 | 432.06 | OK | |
r-release-linux-x86_64 | 1.3.4 | 15.40 | 404.06 | 419.46 | OK | |
r-release-macos-arm64 | 1.3.4 | 235.00 | NOTE | |||
r-release-macos-x86_64 | 1.3.4 | 375.00 | NOTE | |||
r-release-windows-x86_64 | 1.3.4 | 21.00 | 411.00 | 432.00 | NOTE | |
r-oldrel-macos-arm64 | 1.3.4 | 210.00 | NOTE | |||
r-oldrel-macos-x86_64 | 1.3.4 | 247.00 | NOTE | |||
r-oldrel-windows-x86_64 | 1.3.4 | 22.00 | 409.00 | 431.00 | NOTE |
Version: 1.3.4
Check: installed package size
Result: NOTE
installed size is 5.9Mb
sub-directories of 1Mb or more:
doc 5.2Mb
Flavors: r-devel-linux-x86_64-fedora-clang, r-devel-windows-x86_64, r-release-macos-arm64, r-release-macos-x86_64, r-release-windows-x86_64, r-oldrel-macos-arm64, r-oldrel-macos-x86_64, r-oldrel-windows-x86_64