CRAN Package Check Results for Package qfasar

Last updated on 2022-12-08 19:49:44 CET.

Flavor Version Tinstall Tcheck Ttotal Status Flags
r-devel-linux-x86_64-debian-clang 1.2.1 6.13 56.90 63.03 NOTE
r-devel-linux-x86_64-debian-gcc 1.2.1 3.89 53.61 57.50 NOTE
r-devel-linux-x86_64-fedora-clang 1.2.1 87.94 NOTE
r-devel-linux-x86_64-fedora-gcc 1.2.1 95.74 NOTE
r-devel-windows-x86_64 1.2.1 18.00 127.00 145.00 NOTE
r-patched-linux-x86_64 1.2.1 5.97 53.37 59.34 NOTE
r-release-linux-x86_64 1.2.1 5.76 52.48 58.24 NOTE
r-release-macos-arm64 1.2.1 25.00 NOTE
r-release-macos-x86_64 1.2.1 36.00 NOTE
r-release-windows-x86_64 1.2.1 22.00 91.00 113.00 NOTE
r-oldrel-macos-arm64 1.2.1 28.00 NOTE
r-oldrel-macos-x86_64 1.2.1 47.00 NOTE
r-oldrel-windows-ix86+x86_64 1.2.1 11.00 81.00 92.00 NOTE

Check Details

Version: 1.2.1
Check: LazyData
Result: NOTE
     'LazyData' is specified without a 'data' directory
Flavors: r-devel-linux-x86_64-debian-clang, r-devel-linux-x86_64-debian-gcc, r-devel-linux-x86_64-fedora-clang, r-devel-linux-x86_64-fedora-gcc, r-devel-windows-x86_64, r-patched-linux-x86_64, r-release-linux-x86_64, r-release-macos-arm64, r-release-macos-x86_64, r-release-windows-x86_64, r-oldrel-macos-arm64, r-oldrel-macos-x86_64, r-oldrel-windows-ix86+x86_64