Last updated on 2022-06-30 21:49:51 CEST.
Flavor | Version | Tinstall | Tcheck | Ttotal | Status | Flags |
---|---|---|---|---|---|---|
r-devel-linux-x86_64-debian-clang | 1.3.5 | 4.55 | 50.78 | 55.33 | NOTE | |
r-devel-linux-x86_64-debian-gcc | 1.3.5 | 3.78 | 38.71 | 42.49 | NOTE | |
r-devel-linux-x86_64-fedora-clang | 1.3.5 | 75.02 | NOTE | |||
r-devel-linux-x86_64-fedora-gcc | 1.3.5 | 75.19 | NOTE | |||
r-devel-windows-x86_64 | 1.3.5 | 54.00 | 74.00 | 128.00 | NOTE | |
r-patched-linux-x86_64 | 1.3.5 | 5.32 | 47.07 | 52.39 | NOTE | |
r-release-linux-x86_64 | 1.3.5 | 3.96 | 47.76 | 51.72 | NOTE | |
r-release-macos-arm64 | 1.3.5 | 24.00 | NOTE | |||
r-release-macos-x86_64 | 1.3.5 | 33.00 | NOTE | |||
r-release-windows-x86_64 | 1.3.5 | 34.00 | 71.00 | 105.00 | NOTE | |
r-oldrel-macos-arm64 | 1.3.5 | 29.00 | NOTE | |||
r-oldrel-macos-x86_64 | 1.3.5 | 43.00 | NOTE | |||
r-oldrel-windows-ix86+x86_64 | 1.3.5 | 9.00 | 67.00 | 76.00 | NOTE |
Version: 1.3.5
Check: LazyData
Result: NOTE
'LazyData' is specified without a 'data' directory
Flavors: r-devel-linux-x86_64-debian-clang, r-devel-linux-x86_64-debian-gcc, r-devel-linux-x86_64-fedora-clang, r-devel-linux-x86_64-fedora-gcc, r-devel-windows-x86_64, r-patched-linux-x86_64, r-release-linux-x86_64, r-release-macos-arm64, r-release-macos-x86_64, r-release-windows-x86_64, r-oldrel-macos-arm64, r-oldrel-macos-x86_64, r-oldrel-windows-ix86+x86_64