CRAN Package Check Results for Package qdap

Last updated on 2019-08-25 10:46:27 CEST.

Flavor Version Tinstall Tcheck Ttotal Status Flags
r-devel-linux-x86_64-debian-clang 2.3.2 42.56 252.96 295.52 OK
r-devel-linux-x86_64-debian-gcc 2.3.2 34.62 194.99 229.61 OK
r-devel-linux-x86_64-fedora-clang 2.3.2 346.05 OK
r-devel-linux-x86_64-fedora-gcc 2.3.2 336.38 OK
r-devel-windows-ix86+x86_64 2.3.2 51.00 8.00 59.00 ERROR
r-patched-linux-x86_64 2.3.2 36.97 250.22 287.19 OK
r-patched-solaris-x86 2.3.2 422.30 OK
r-release-linux-x86_64 2.3.2 39.55 251.30 290.85 OK
r-release-windows-ix86+x86_64 2.3.2 88.00 303.00 391.00 OK
r-release-osx-x86_64 2.3.2 OK
r-oldrel-windows-ix86+x86_64 2.3.2 69.00 291.00 360.00 OK
r-oldrel-osx-x86_64 2.3.2 OK

Check Details

Version: 2.3.2
Check: whether package can be installed
Result: ERROR
    Installation failed.
Flavor: r-devel-windows-ix86+x86_64