CRAN Package Check Results for Package qape

Last updated on 2021-09-22 08:50:24 CEST.

Flavor Version Tinstall Tcheck Ttotal Status Flags
r-devel-linux-x86_64-debian-clang 1.1 11.69 115.04 126.73 OK
r-devel-linux-x86_64-debian-gcc 1.1 8.64 86.15 94.79 OK
r-devel-linux-x86_64-fedora-clang 1.1 157.94 OK
r-devel-linux-x86_64-fedora-gcc 1.1 146.34 OK
r-devel-windows-x86_64 1.1 11.00 103.00 114.00 OK
r-devel-windows-x86_64-gcc10-UCRT 1.1 ERROR
r-patched-linux-x86_64 1.1 13.63 109.33 122.96 OK
r-patched-solaris-x86 1.1 217.90 OK
r-release-linux-x86_64 1.1 11.28 108.88 120.16 OK
r-release-macos-arm64 1.1 OK
r-release-macos-x86_64 1.1 OK
r-release-windows-ix86+x86_64 1.1 25.00 107.00 132.00 OK
r-oldrel-macos-x86_64 1.1 OK
r-oldrel-windows-ix86+x86_64 1.1 20.00 102.00 122.00 OK

Check Details

Version: 1.1
Check: PDF version of manual
Result: WARN
    LaTeX errors when creating PDF version.
    This typically indicates Rd problems.
Flavor: r-devel-windows-x86_64-gcc10-UCRT

Version: 1.1
Check: PDF version of manual without hyperrefs or index
Result: ERROR
    Re-running with no redirection of stdout/stderr.
Flavor: r-devel-windows-x86_64-gcc10-UCRT