CRAN Package Check Results for Package pysd2r

Last updated on 2020-01-23 09:52:15 CET.

Flavor Version Tinstall Tcheck Ttotal Status Flags
r-devel-linux-x86_64-debian-clang 0.1.0 2.55 23.21 25.76 OK
r-devel-linux-x86_64-debian-gcc 0.1.0 1.99 18.64 20.63 OK
r-devel-linux-x86_64-fedora-clang 0.1.0 32.44 NOTE
r-devel-linux-x86_64-fedora-gcc 0.1.0 32.31 NOTE
r-devel-windows-ix86+x86_64 0.1.0 7.00 48.00 55.00 OK
r-devel-windows-ix86+x86_64-gcc8 0.1.0 11.00 37.00 48.00 OK
r-patched-linux-x86_64 0.1.0 2.06 21.77 23.83 OK
r-patched-solaris-x86 0.1.0 46.50 NOTE
r-release-linux-x86_64 0.1.0 1.87 21.77 23.64 OK
r-release-windows-ix86+x86_64 0.1.0 5.00 41.00 46.00 OK
r-release-osx-x86_64 0.1.0 NOTE
r-oldrel-windows-ix86+x86_64 0.1.0 4.00 31.00 35.00 OK
r-oldrel-osx-x86_64 0.1.0 NOTE

Check Details

Version: 0.1.0
Check: dependencies in R code
Result: NOTE
    Namespace in Imports field not imported from: ‘knitr’
     All declared Imports should be used.
Flavors: r-devel-linux-x86_64-fedora-clang, r-devel-linux-x86_64-fedora-gcc, r-patched-solaris-x86, r-release-osx-x86_64, r-oldrel-osx-x86_64