CRAN Package Check Results for Package pysd2r

Last updated on 2019-08-25 10:46:27 CEST.

Flavor Version Tinstall Tcheck Ttotal Status Flags
r-devel-linux-x86_64-debian-clang 0.1.0 3.95 22.52 26.47 OK
r-devel-linux-x86_64-debian-gcc 0.1.0 3.31 18.53 21.84 OK
r-devel-linux-x86_64-fedora-clang 0.1.0 32.68 NOTE
r-devel-linux-x86_64-fedora-gcc 0.1.0 32.53 NOTE
r-devel-windows-ix86+x86_64 0.1.0 8.00 56.00 64.00 OK
r-patched-linux-x86_64 0.1.0 2.80 22.84 25.64 OK
r-patched-solaris-x86 0.1.0 52.30 NOTE
r-release-linux-x86_64 0.1.0 3.95 22.57 26.52 OK
r-release-windows-ix86+x86_64 0.1.0 8.00 44.00 52.00 OK
r-release-osx-x86_64 0.1.0 NOTE
r-oldrel-windows-ix86+x86_64 0.1.0 6.00 42.00 48.00 OK
r-oldrel-osx-x86_64 0.1.0 NOTE

Check Details

Version: 0.1.0
Check: dependencies in R code
Result: NOTE
    Namespace in Imports field not imported from: ‘knitr’
     All declared Imports should be used.
Flavors: r-devel-linux-x86_64-fedora-clang, r-devel-linux-x86_64-fedora-gcc, r-patched-solaris-x86, r-release-osx-x86_64, r-oldrel-osx-x86_64