CRAN Package Check Results for Package pwt10

Last updated on 2021-09-22 08:50:24 CEST.

Flavor Version Tinstall Tcheck Ttotal Status Flags
r-devel-linux-x86_64-debian-clang 10.0-0 3.45 14.71 18.16 OK
r-devel-linux-x86_64-debian-gcc 10.0-0 3.28 11.59 14.87 OK
r-devel-linux-x86_64-fedora-clang 10.0-0 32.68 OK
r-devel-linux-x86_64-fedora-gcc 10.0-0 22.73 OK
r-devel-windows-x86_64 10.0-0 5.00 21.00 26.00 OK
r-devel-windows-x86_64-gcc10-UCRT 10.0-0 ERROR
r-patched-linux-x86_64 10.0-0 4.27 14.31 18.58 OK
r-patched-solaris-x86 10.0-0 38.90 OK
r-release-linux-x86_64 10.0-0 4.25 14.32 18.57 OK
r-release-macos-arm64 10.0-0 OK
r-release-macos-x86_64 10.0-0 OK
r-release-windows-ix86+x86_64 10.0-0 7.00 20.00 27.00 OK
r-oldrel-macos-x86_64 10.0-0 OK
r-oldrel-windows-ix86+x86_64 10.0-0 7.00 26.00 33.00 OK

Check Details

Version: 10.0-0
Check: PDF version of manual
Result: WARN
    LaTeX errors when creating PDF version.
    This typically indicates Rd problems.
Flavor: r-devel-windows-x86_64-gcc10-UCRT

Version: 10.0-0
Check: PDF version of manual without hyperrefs or index
Result: ERROR
    Re-running with no redirection of stdout/stderr.
Flavor: r-devel-windows-x86_64-gcc10-UCRT