CRAN Package Check Results for Package pwrRasch

Last updated on 2020-07-14 09:50:44 CEST.

Flavor Version Tinstall Tcheck Ttotal Status Flags
r-devel-linux-x86_64-debian-clang 0.1-2 2.97 22.27 25.24 OK
r-devel-linux-x86_64-debian-gcc 0.1-2 2.40 17.57 19.97 OK
r-devel-linux-x86_64-fedora-clang 0.1-2 39.63 OK
r-devel-linux-x86_64-fedora-gcc 0.1-2 32.14 OK
r-devel-windows-ix86+x86_64 0.1-2 7.00 36.00 43.00 OK
r-patched-linux-x86_64 0.1-2 2.49 22.91 25.40 OK
r-patched-solaris-x86 0.1-2 45.30 OK
r-release-linux-x86_64 0.1-2 2.94 22.32 25.26 OK
r-release-macos-x86_64 0.1-2 ERROR
r-release-windows-ix86+x86_64 0.1-2 8.00 33.00 41.00 OK
r-oldrel-macos-x86_64 0.1-2 OK
r-oldrel-windows-ix86+x86_64 0.1-2 28.00 41.00 69.00 OK

Check Details

Version: 0.1-2
Check: whether package can be installed
Result: ERROR
    Installation failed.
Flavor: r-release-macos-x86_64