CRAN Package Check Results for Package pubchunks

Last updated on 2021-11-28 19:49:01 CET.

Flavor Version Tinstall Tcheck Ttotal Status Flags
r-devel-linux-x86_64-debian-clang 0.3.0 NOTE
r-devel-linux-x86_64-debian-gcc 0.3.0 5.41 47.45 52.86 NOTE
r-devel-linux-x86_64-fedora-clang 0.3.0 90.35 NOTE
r-devel-linux-x86_64-fedora-gcc 0.3.0 81.20 NOTE
r-devel-windows-x86_64-new-UL 0.3.0 17.00 100.00 117.00 OK
r-devel-windows-x86_64-new-TK 0.3.0 OK
r-devel-windows-x86_64-old 0.3.0 9.00 81.00 90.00 OK
r-patched-linux-x86_64 0.3.0 6.09 56.59 62.68 NOTE
r-patched-solaris-x86 0.3.0 117.40 NOTE
r-release-linux-x86_64 0.3.0 7.06 56.37 63.43 NOTE
r-release-macos-arm64 0.3.0 OK
r-release-macos-x86_64 0.3.0 OK
r-release-windows-ix86+x86_64 0.3.0 20.00 80.00 100.00 OK
r-oldrel-macos-x86_64 0.3.0 OK
r-oldrel-windows-ix86+x86_64 0.3.0 35.00 79.00 114.00 OK

Check Details

Version: 0.3.0
Check: package dependencies
Result: NOTE
    Package suggested but not available for checking: 'fulltext'
Flavors: r-devel-linux-x86_64-debian-clang, r-devel-linux-x86_64-debian-gcc, r-devel-linux-x86_64-fedora-clang, r-devel-linux-x86_64-fedora-gcc, r-patched-linux-x86_64, r-patched-solaris-x86, r-release-linux-x86_64