CRAN Package Check Results for Package ptw

Last updated on 2020-07-14 09:50:44 CEST.

Flavor Version Tinstall Tcheck Ttotal Status Flags
r-devel-linux-x86_64-debian-clang 1.9-15 4.88 56.32 61.20 OK
r-devel-linux-x86_64-debian-gcc 1.9-15 3.56 43.23 46.79 OK
r-devel-linux-x86_64-fedora-clang 1.9-15 82.20 OK
r-devel-linux-x86_64-fedora-gcc 1.9-15 74.63 OK
r-devel-windows-ix86+x86_64 1.9-15 17.00 80.00 97.00 OK
r-patched-linux-x86_64 1.9-15 4.35 56.92 61.27 OK
r-patched-solaris-x86 1.9-15 101.30 OK
r-release-linux-x86_64 1.9-15 4.04 56.43 60.47 OK
r-release-macos-x86_64 1.9-15 ERROR
r-release-windows-ix86+x86_64 1.9-15 20.00 71.00 91.00 OK
r-oldrel-macos-x86_64 1.9-15 OK
r-oldrel-windows-ix86+x86_64 1.9-15 36.00 92.00 128.00 OK

Check Details

Version: 1.9-15
Check: whether package can be installed
Result: ERROR
    Installation failed.
Flavor: r-release-macos-x86_64