CRAN Package Check Results for Package ptm

Last updated on 2022-09-30 08:54:16 CEST.

Flavor Version Tinstall Tcheck Ttotal Status Flags
r-devel-linux-x86_64-debian-clang 0.2.6 26.37 212.74 239.11 OK
r-devel-linux-x86_64-debian-gcc 0.2.6 19.99 155.76 175.75 OK
r-devel-linux-x86_64-fedora-clang 0.2.6 293.89 OK
r-devel-linux-x86_64-fedora-gcc 0.2.6 279.97 OK
r-devel-windows-x86_64 0.2.6 49.00 278.00 327.00 OK
r-patched-linux-x86_64 0.2.6 21.08 201.73 222.81 OK
r-release-linux-x86_64 0.2.6 19.06 204.60 223.66 OK
r-release-macos-arm64 0.2.6 188.00 OK
r-release-macos-x86_64 0.2.6 6.00 ERROR
r-release-windows-x86_64 0.2.6 50.00 275.00 325.00 OK
r-oldrel-macos-arm64 0.2.6 9.00 ERROR
r-oldrel-macos-x86_64 0.2.6 11.00 ERROR
r-oldrel-windows-ix86+x86_64 0.2.6 49.00 268.00 317.00 OK

Check Details

Version: 0.2.6
Check: package dependencies
Result: ERROR
    Package required but not available: ‘muscle’
    
    See section ‘The DESCRIPTION file’ in the ‘Writing R Extensions’
    manual.
Flavors: r-release-macos-x86_64, r-oldrel-macos-arm64, r-oldrel-macos-x86_64