CRAN Package Check Results for Package psychotools

Last updated on 2021-09-23 08:51:15 CEST.

Flavor Version Tinstall Tcheck Ttotal Status Flags
r-devel-linux-x86_64-debian-clang 0.6-1 19.14 147.43 166.57 OK
r-devel-linux-x86_64-debian-gcc 0.6-1 13.60 106.58 120.18 OK
r-devel-linux-x86_64-fedora-clang 0.6-1 196.10 OK
r-devel-linux-x86_64-fedora-gcc 0.6-1 189.67 OK
r-devel-windows-x86_64 0.6-1 21.00 135.00 156.00 OK
r-devel-windows-x86_64-gcc10-UCRT 0.6-1 ERROR
r-patched-linux-x86_64 0.6-1 20.60 138.68 159.28 OK
r-patched-solaris-x86 0.6-1 253.10 OK
r-release-linux-x86_64 0.6-1 16.73 139.70 156.43 OK
r-release-macos-arm64 0.6-1 OK
r-release-macos-x86_64 0.6-1 OK
r-release-windows-ix86+x86_64 0.6-1 28.00 200.00 228.00 OK
r-oldrel-macos-x86_64 0.6-1 OK
r-oldrel-windows-ix86+x86_64 0.6-1 45.00 200.00 245.00 OK

Check Details

Version: 0.6-1
Check: whether package can be installed
Result: ERROR
    Installation failed.
Flavor: r-devel-windows-x86_64-gcc10-UCRT