CRAN Package Check Results for Package psychomix

Last updated on 2021-05-09 21:49:10 CEST.

Flavor Version Tinstall Tcheck Ttotal Status Flags
r-devel-linux-x86_64-debian-clang 1.1-8 8.92 73.55 82.47 OK --no-vignettes
r-devel-linux-x86_64-debian-gcc 1.1-8 8.01 56.39 64.40 OK --no-vignettes
r-devel-linux-x86_64-fedora-clang 1.1-8 732.00 OK
r-devel-linux-x86_64-fedora-gcc 1.1-8 749.85 OK
r-devel-windows-ix86+x86_64 1.1-8 15.00 11.00 26.00 ERROR --no-vignettes
r-devel-windows-x86_64-gcc10-UCRT 1.1-8 OK
r-patched-linux-x86_64 1.1-8 9.49 71.11 80.60 OK --no-vignettes
r-patched-solaris-x86 1.1-8 1162.30 OK
r-release-linux-x86_64 1.1-8 8.99 69.05 78.04 OK --no-vignettes
r-release-macos-x86_64 1.1-8 OK
r-release-windows-ix86+x86_64 1.1-8 15.00 70.00 85.00 OK --no-vignettes
r-oldrel-macos-x86_64 1.1-8 OK
r-oldrel-windows-ix86+x86_64 1.1-8 16.00 79.00 95.00 OK --no-vignettes

Check Details

Version: 1.1-8
Flags: --no-vignettes
Check: whether package can be installed
Result: ERROR
    Installation failed.
Flavor: r-devel-windows-ix86+x86_64