CRAN Package Check Results for Package psycho

Last updated on 2019-08-21 10:47:35 CEST.

Flavor Version Tinstall Tcheck Ttotal Status Flags
r-devel-linux-x86_64-debian-clang 0.4.91 26.48 330.03 356.51 OK
r-devel-linux-x86_64-debian-gcc 0.4.91 14.39 242.58 256.97 OK
r-devel-linux-x86_64-fedora-clang 0.4.91 410.42 NOTE
r-devel-linux-x86_64-fedora-gcc 0.4.91 407.73 NOTE
r-devel-windows-ix86+x86_64 0.4.91 90.00 704.00 794.00 OK --no-vignettes
r-patched-linux-x86_64 0.4.91 16.75 318.41 335.16 OK
r-patched-solaris-x86 0.4.91 550.40 NOTE
r-release-linux-x86_64 0.4.91 27.02 320.58 347.60 OK
r-release-windows-ix86+x86_64 0.4.91 57.00 340.00 397.00 OK --no-vignettes
r-release-osx-x86_64 0.4.91 NOTE
r-oldrel-windows-ix86+x86_64 0.4.91 65.00 410.00 475.00 OK --no-vignettes
r-oldrel-osx-x86_64 0.4.91 NOTE

Check Details

Version: 0.4.91
Check: dependencies in R code
Result: NOTE
    Namespace in Imports field not imported from: ‘methods’
     All declared Imports should be used.
Flavors: r-devel-linux-x86_64-fedora-clang, r-devel-linux-x86_64-fedora-gcc, r-patched-solaris-x86, r-release-osx-x86_64, r-oldrel-osx-x86_64