CRAN Package Check Results for Package psycho

Last updated on 2019-12-07 08:49:39 CET.

Flavor Version Tinstall Tcheck Ttotal Status Flags
r-devel-linux-x86_64-debian-clang 0.4.91 27.92 335.32 363.24 OK
r-devel-linux-x86_64-debian-gcc 0.4.91 15.88 248.34 264.22 OK
r-devel-linux-x86_64-fedora-clang 0.4.91 441.45 NOTE
r-devel-linux-x86_64-fedora-gcc 0.4.91 393.19 NOTE
r-devel-windows-ix86+x86_64 0.4.91 58.00 460.00 518.00 OK --no-vignettes
r-devel-windows-ix86+x86_64-gcc8 0.4.91 80.00 296.00 376.00 OK --no-vignettes
r-patched-linux-x86_64 0.4.91 26.65 296.10 322.75 OK
r-patched-solaris-x86 0.4.91 576.70 NOTE
r-release-linux-x86_64 0.4.91 22.77 302.43 325.20 OK
r-release-windows-ix86+x86_64 0.4.91 59.00 315.00 374.00 OK --no-vignettes
r-release-osx-x86_64 0.4.91 NOTE
r-oldrel-windows-ix86+x86_64 0.4.91 39.00 431.00 470.00 OK --no-vignettes
r-oldrel-osx-x86_64 0.4.91 NOTE

Check Details

Version: 0.4.91
Check: dependencies in R code
Result: NOTE
    Namespace in Imports field not imported from: ‘methods’
     All declared Imports should be used.
Flavors: r-devel-linux-x86_64-fedora-clang, r-devel-linux-x86_64-fedora-gcc, r-patched-solaris-x86, r-release-osx-x86_64, r-oldrel-osx-x86_64