CRAN Package Check Results for Package psd

Last updated on 2021-10-27 08:56:14 CEST.

Flavor Version Tinstall Tcheck Ttotal Status Flags
r-devel-linux-x86_64-debian-clang 2.1.0 39.07 81.72 120.79 OK
r-devel-linux-x86_64-debian-gcc 2.1.0 33.02 63.06 96.08 OK
r-devel-linux-x86_64-fedora-clang 2.1.0 189.68 OK
r-devel-linux-x86_64-fedora-gcc 2.1.0 170.57 OK
r-devel-windows-x86_64 2.1.0 57.00 197.00 254.00 OK
r-devel-windows-x86_64-gcc10-UCRT 2.1.0 OK
r-patched-linux-x86_64 2.1.0 40.58 81.28 121.86 OK
r-patched-solaris-x86 2.1.0 190.70 OK
r-release-linux-x86_64 2.1.0 39.21 80.74 119.95 OK
r-release-macos-arm64 2.1.0 NOTE
r-release-macos-x86_64 2.1.0 NOTE
r-release-windows-ix86+x86_64 2.1.0 73.00 295.00 368.00 OK
r-oldrel-macos-x86_64 2.1.0 NOTE
r-oldrel-windows-ix86+x86_64 2.1.0 112.00 314.00 426.00 OK

Check Details

Version: 2.1.0
Check: installed package size
Result: NOTE
     installed size is 5.9Mb
     sub-directories of 1Mb or more:
     doc 1.8Mb
     libs 3.4Mb
Flavors: r-release-macos-arm64, r-release-macos-x86_64, r-oldrel-macos-x86_64