CRAN Package Check Results for Package pscl

Last updated on 2019-07-23 10:48:05 CEST.

Flavor Version Tinstall Tcheck Ttotal Status Flags
r-devel-linux-x86_64-debian-clang 1.5.2 11.42 95.15 106.57 OK
r-devel-linux-x86_64-debian-gcc 1.5.2 9.44 73.71 83.15 OK
r-devel-linux-x86_64-fedora-clang 1.5.2 121.38 OK
r-devel-linux-x86_64-fedora-gcc 1.5.2 124.34 OK
r-devel-windows-ix86+x86_64 1.5.2 36.00 207.00 243.00 OK
r-patched-linux-x86_64 1.5.2 10.60 96.33 106.93 OK
r-patched-solaris-x86 1.5.2 187.20 OK
r-release-linux-x86_64 1.5.2 10.58 94.49 105.07 OK
r-release-windows-ix86+x86_64 1.5.2 35.00 148.00 183.00 OK
r-release-osx-x86_64 1.5.2 NOTE
r-oldrel-windows-ix86+x86_64 1.5.2 50.00 134.00 184.00 OK
r-oldrel-osx-x86_64 1.5.2 OK

Check Details

Version: 1.5.2
Check: package dependencies
Result: NOTE
    Package suggested but not available for checking: ‘zoo’
Flavor: r-release-osx-x86_64