CRAN Package Check Results for Package pscl

Last updated on 2019-05-19 10:50:12 CEST.

Flavor Version Tinstall Tcheck Ttotal Status Flags
r-devel-linux-x86_64-debian-clang 1.5.2 12.18 95.81 107.99 OK
r-devel-linux-x86_64-debian-gcc 1.5.2 8.99 73.78 82.77 OK
r-devel-linux-x86_64-fedora-clang 1.5.2 127.18 OK
r-devel-linux-x86_64-fedora-gcc 1.5.2 122.39 OK
r-devel-windows-ix86+x86_64 1.5.2 46.00 193.00 239.00 OK
r-patched-linux-x86_64 1.5.2 10.88 95.18 106.06 OK
r-patched-solaris-x86 1.5.2 171.10 OK
r-release-linux-x86_64 1.5.2 10.51 97.09 107.60 OK
r-release-windows-ix86+x86_64 1.5.2 47.00 175.00 222.00 OK
r-release-osx-x86_64 1.5.2 NOTE
r-oldrel-windows-ix86+x86_64 1.5.2 40.00 171.00 211.00 OK
r-oldrel-osx-x86_64 1.5.2 OK

Check Details

Version: 1.5.2
Check: package dependencies
Result: NOTE
    Package suggested but not available for checking: ‘zoo’
Flavor: r-release-osx-x86_64