CRAN Package Check Results for Package psSubpathway

Last updated on 2020-07-14 09:50:44 CEST.

Flavor Version Tinstall Tcheck Ttotal Status Flags
r-devel-linux-x86_64-debian-clang 0.1.1 34.57 287.94 322.51 OK
r-devel-linux-x86_64-debian-gcc 0.1.1 28.97 223.64 252.61 OK
r-devel-linux-x86_64-fedora-clang 0.1.1 398.08 OK
r-devel-linux-x86_64-fedora-gcc 0.1.1 410.61 OK
r-devel-windows-ix86+x86_64 0.1.1 103.00 444.00 547.00 OK
r-patched-linux-x86_64 0.1.1 34.46 285.25 319.71 OK
r-patched-solaris-x86 0.1.1 645.20 OK
r-release-linux-x86_64 0.1.1 34.05 282.68 316.73 OK
r-release-macos-x86_64 0.1.1 ERROR
r-release-windows-ix86+x86_64 0.1.1 96.00 425.00 521.00 OK
r-oldrel-macos-x86_64 0.1.1 OK
r-oldrel-windows-ix86+x86_64 0.1.1 50.00 322.00 372.00 OK

Check Details

Version: 0.1.1
Check: whether package can be installed
Result: ERROR
    Installation failed.
Flavor: r-release-macos-x86_64