CRAN Package Check Results for Package psSubpathway

Last updated on 2021-12-01 07:50:32 CET.

Flavor Version Tinstall Tcheck Ttotal Status Flags
r-devel-linux-x86_64-debian-clang 0.1.1 46.76 378.90 425.66 OK
r-devel-linux-x86_64-debian-gcc 0.1.1 43.04 308.17 351.21 OK
r-devel-linux-x86_64-fedora-clang 0.1.1 533.17 OK
r-devel-linux-x86_64-fedora-gcc 0.1.1 517.53 OK
r-devel-windows-x86_64-new-UL 0.1.1 138.00 511.00 649.00 OK
r-devel-windows-x86_64-new-TK 0.1.1 OK
r-devel-windows-x86_64-old 0.1.1 63.00 359.00 422.00 OK
r-patched-linux-x86_64 0.1.1 46.11 366.54 412.65 OK
r-patched-solaris-x86 0.1.1 823.90 OK
r-release-linux-x86_64 0.1.1 42.06 364.36 406.42 OK
r-release-macos-arm64 0.1.1 NOTE
r-release-macos-x86_64 0.1.1 OK
r-release-windows-ix86+x86_64 0.1.1 103.00 492.00 595.00 OK
r-oldrel-macos-x86_64 0.1.1 OK
r-oldrel-windows-ix86+x86_64 0.1.1 54.00 541.00 595.00 OK

Check Details

Version: 0.1.1
Check: installed package size
Result: NOTE
     installed size is 5.1Mb
     sub-directories of 1Mb or more:
     data 4.6Mb
Flavor: r-release-macos-arm64