Last updated on 2023-12-03 19:48:43 CET.
Flavor | Version | Tinstall | Tcheck | Ttotal | Status | Flags |
---|---|---|---|---|---|---|
r-devel-linux-x86_64-debian-clang | 0.2.2 | 13.50 | 101.58 | 115.08 | NOTE | |
r-devel-linux-x86_64-debian-gcc | 0.2.2 | 9.91 | 74.84 | 84.75 | NOTE | |
r-devel-linux-x86_64-fedora-clang | 0.2.2 | 143.73 | OK | |||
r-devel-linux-x86_64-fedora-gcc | 0.2.2 | 139.57 | OK | |||
r-devel-windows-x86_64 | 0.2.2 | 10.00 | 79.00 | 89.00 | OK | |
r-patched-linux-x86_64 | 0.2.2 | 14.83 | 98.00 | 112.83 | OK | |
r-release-linux-x86_64 | 0.2.2 | 9.62 | 95.43 | 105.05 | OK | |
r-release-macos-arm64 | 0.2.2 | 48.00 | OK | |||
r-release-macos-x86_64 | 0.2.2 | 61.00 | OK | |||
r-release-windows-x86_64 | 0.2.2 | 12.00 | 92.00 | 104.00 | OK | |
r-oldrel-macos-arm64 | 0.2.2 | 43.00 | OK | |||
r-oldrel-macos-x86_64 | 0.2.2 | 82.00 | OK | |||
r-oldrel-windows-x86_64 | 0.2.2 | 14.00 | 93.00 | 107.00 | OK |
Version: 0.2.2
Check: Rd files
Result: NOTE
checkRd: (-1) IMF_WBGet.Rd:57: Lost braces in \itemize; meant \describe ?
checkRd: (-1) IMF_WBGet.Rd:58: Lost braces in \itemize; meant \describe ?
checkRd: (-1) IMF_WBGet.Rd:59: Lost braces in \itemize; meant \describe ?
checkRd: (-1) IMF_WBGet.Rd:60: Lost braces in \itemize; meant \describe ?
checkRd: (-1) IMF_WBGet.Rd:61: Lost braces in \itemize; meant \describe ?
checkRd: (-1) IMF_WBGet.Rd:62: Lost braces in \itemize; meant \describe ?
checkRd: (-1) IMF_WBGet.Rd:63: Lost braces in \itemize; meant \describe ?
checkRd: (-1) IMF_WBGet.Rd:64: Lost braces in \itemize; meant \describe ?
checkRd: (-1) IMF_WBGet.Rd:65: Lost braces in \itemize; meant \describe ?
checkRd: (-1) IMF_WBGet.Rd:66: Lost braces in \itemize; meant \describe ?
checkRd: (-1) IMF_WBGet.Rd:67: Lost braces in \itemize; meant \describe ?
checkRd: (-1) IMF_WBGet.Rd:68: Lost braces in \itemize; meant \describe ?
checkRd: (-1) IMF_WBGet.Rd:69: Lost braces in \itemize; meant \describe ?
checkRd: (-1) RRCrisisGet.Rd:37-39: Lost braces in \itemize; \value handles \item{}{} directly
checkRd: (-1) RRCrisisGet.Rd:40: Lost braces in \itemize; \value handles \item{}{} directly
checkRd: (-1) RRCrisisGet.Rd:41: Lost braces in \itemize; \value handles \item{}{} directly
checkRd: (-1) RRCrisisGet.Rd:42: Lost braces in \itemize; \value handles \item{}{} directly
checkRd: (-1) RRCrisisGet.Rd:43: Lost braces in \itemize; \value handles \item{}{} directly
checkRd: (-1) RRCrisisGet.Rd:44: Lost braces in \itemize; \value handles \item{}{} directly
checkRd: (-1) RRCrisisGet.Rd:45: Lost braces in \itemize; \value handles \item{}{} directly
checkRd: (-1) RRCrisisGet.Rd:46: Lost braces in \itemize; \value handles \item{}{} directly
checkRd: (-1) RRCrisisGet.Rd:47: Lost braces in \itemize; \value handles \item{}{} directly
checkRd: (-1) RRCrisisGet.Rd:48: Lost braces in \itemize; \value handles \item{}{} directly
checkRd: (-1) RRCrisisGet.Rd:49: Lost braces in \itemize; \value handles \item{}{} directly
checkRd: (-1) WinsetCreator.Rd:31: Lost braces in \itemize; \value handles \item{}{} directly
checkRd: (-1) WinsetCreator.Rd:32: Lost braces in \itemize; \value handles \item{}{} directly
checkRd: (-1) WinsetCreator.Rd:33: Lost braces in \itemize; \value handles \item{}{} directly
checkRd: (-1) WinsetCreator.Rd:34: Lost braces in \itemize; \value handles \item{}{} directly
checkRd: (-1) WinsetCreator.Rd:35: Lost braces in \itemize; \value handles \item{}{} directly
Flavors: r-devel-linux-x86_64-debian-clang, r-devel-linux-x86_64-debian-gcc