Last updated on 2021-01-26 07:50:24 CET.
Flavor | Version | Tinstall | Tcheck | Ttotal | Status | Flags |
---|---|---|---|---|---|---|
r-devel-linux-x86_64-debian-clang | 0.2.11 | 9.64 | 438.68 | 448.32 | NOTE | |
r-devel-linux-x86_64-debian-gcc | 0.2.11 | 9.14 | 305.95 | 315.09 | NOTE | |
r-devel-linux-x86_64-fedora-clang | 0.2.11 | 526.16 | NOTE | |||
r-devel-linux-x86_64-fedora-gcc | 0.2.11 | 471.77 | NOTE | |||
r-devel-windows-ix86+x86_64 | 0.2.11 | 24.00 | 429.00 | 453.00 | NOTE | |
r-patched-linux-x86_64 | 0.2.11 | 10.01 | 368.34 | 378.35 | NOTE | |
r-patched-solaris-x86 | 0.2.11 | 772.10 | NOTE | |||
r-release-linux-x86_64 | 0.2.11 | 11.30 | 374.34 | 385.64 | NOTE | |
r-release-macos-x86_64 | 0.2.11 | NOTE | ||||
r-release-windows-ix86+x86_64 | 0.2.11 | 23.00 | 373.00 | 396.00 | NOTE | |
r-oldrel-macos-x86_64 | 0.2.11 | NOTE | ||||
r-oldrel-windows-ix86+x86_64 | 0.2.11 | 17.00 | 486.00 | 503.00 | NOTE |
Version: 0.2.11
Check: package vignettes
Result: NOTE
Package vignette with placeholder title 'Vignette Title':
'TargetDecoyFDR_Example.Rmd'
Flavors: r-devel-linux-x86_64-debian-clang, r-devel-linux-x86_64-debian-gcc, r-devel-windows-ix86+x86_64, r-patched-linux-x86_64, r-release-linux-x86_64, r-release-windows-ix86+x86_64
Version: 0.2.11
Check: installed package size
Result: NOTE
installed size is 5.6Mb
sub-directories of 1Mb or more:
data 1.7Mb
extdata 2.3Mb
Flavors: r-devel-linux-x86_64-fedora-clang, r-devel-windows-ix86+x86_64, r-patched-solaris-x86, r-release-macos-x86_64, r-release-windows-ix86+x86_64, r-oldrel-macos-x86_64, r-oldrel-windows-ix86+x86_64
Version: 0.2.11
Check: dependencies in R code
Result: NOTE
Namespaces in Imports field not imported from:
‘dplyr’ ‘readr’
All declared Imports should be used.
Flavors: r-devel-linux-x86_64-fedora-clang, r-devel-linux-x86_64-fedora-gcc, r-patched-solaris-x86, r-release-macos-x86_64, r-oldrel-macos-x86_64