CRAN Package Check Results for Package proustr

Last updated on 2024-03-02 07:50:11 CET.

Flavor Version Tinstall Tcheck Ttotal Status Flags
r-devel-linux-x86_64-debian-clang 0.4.0 7.79 63.73 71.52 NOTE
r-devel-linux-x86_64-debian-gcc 0.4.0 6.69 49.20 55.89 NOTE
r-devel-linux-x86_64-fedora-clang 0.4.0 88.66 NOTE
r-devel-linux-x86_64-fedora-gcc 0.4.0 96.93 NOTE
r-devel-windows-x86_64 0.4.0 9.00 72.00 81.00 OK
r-patched-linux-x86_64 0.4.0 7.36 61.70 69.06 OK
r-release-linux-x86_64 0.4.0 5.40 62.92 68.32 OK
r-release-macos-arm64 0.4.0 38.00 OK
r-release-macos-x86_64 0.4.0 54.00 OK
r-release-windows-x86_64 0.4.0 12.00 79.00 91.00 OK
r-oldrel-macos-arm64 0.4.0 31.00 NOTE
r-oldrel-windows-x86_64 0.4.0 12.00 83.00 95.00 OK

Check Details

Version: 0.4.0
Check: Rd files
Result: NOTE checkRd: (-1) pr_stem_sentences.Rd:20: Lost braces; missing escapes or markup? 20 | Implementation of the {SnowballC} stemmer. Note that punctuation and capital letters | ^ checkRd: (-1) pr_stem_words.Rd:20: Lost braces; missing escapes or markup? 20 | Implementation of the {SnowballC} stemmer. Note that punctuation and capitals letters | ^ checkRd: (-1) proust_sentiments.Rd:7: Lost braces; missing escapes or markup? 7 | See the {rfeel} package now: http://github.com/ColinFay/rfeel} | ^ checkRd: (-1) proust_sentiments.Rd:20: Lost braces; missing escapes or markup? 20 | See the {rfeel} package now: http://github.com/ColinFay/rfeel | ^ Flavors: r-devel-linux-x86_64-debian-clang, r-devel-linux-x86_64-debian-gcc, r-devel-linux-x86_64-fedora-clang, r-devel-linux-x86_64-fedora-gcc

Version: 0.4.0
Check: data for non-ASCII characters
Result: NOTE Note: found 12717 marked UTF-8 strings Flavors: r-devel-linux-x86_64-fedora-clang, r-devel-linux-x86_64-fedora-gcc, r-oldrel-macos-arm64