CRAN Package Check Results for Package protolite

Last updated on 2022-01-22 07:52:53 CET.

Flavor Version Tinstall Tcheck Ttotal Status Flags
r-devel-linux-x86_64-debian-clang 2.1.1 69.21 39.66 108.87 OK
r-devel-linux-x86_64-debian-gcc 2.1.1 49.82 31.26 81.08 OK
r-devel-linux-x86_64-fedora-clang 2.1.1 167.48 OK
r-devel-linux-x86_64-fedora-gcc 2.1.1 141.61 OK
r-devel-windows-x86_64-new-UL 2.1.1 103.00 97.00 200.00 OK
r-devel-windows-x86_64-new-TK 2.1.1 OK
r-patched-linux-x86_64 2.1.1 58.32 38.75 97.07 OK
r-release-linux-x86_64 2.1.1 63.39 38.95 102.34 OK
r-release-macos-arm64 2.1.1 NOTE
r-release-macos-x86_64 2.1.1 NOTE
r-release-windows-ix86+x86_64 2.1.1 179.00 90.00 269.00 NOTE
r-oldrel-macos-x86_64 2.1.1 NOTE
r-oldrel-windows-ix86+x86_64 2.1.1 179.00 88.00 267.00 NOTE

Additional issues

gcc-UBSAN

Check Details

Version: 2.1.1
Check: installed package size
Result: NOTE
     installed size is 28.3Mb
     sub-directories of 1Mb or more:
     libs 28.2Mb
Flavors: r-release-macos-arm64, r-release-macos-x86_64, r-release-windows-ix86+x86_64, r-oldrel-macos-x86_64, r-oldrel-windows-ix86+x86_64