CRAN Package Check Results for Package protag

Last updated on 2024-03-04 07:48:37 CET.

Flavor Version Tinstall Tcheck Ttotal Status Flags
r-devel-linux-x86_64-debian-clang 1.0.0 5.01 64.41 69.42 OK
r-devel-linux-x86_64-debian-gcc 1.0.0 4.54 48.71 53.25 OK
r-devel-linux-x86_64-fedora-clang 1.0.0 86.79 NOTE
r-devel-linux-x86_64-fedora-gcc 1.0.0 80.97 NOTE
r-devel-windows-x86_64 1.0.0 7.00 67.00 74.00 OK
r-patched-linux-x86_64 1.0.0 5.41 61.66 67.07 OK
r-release-linux-x86_64 1.0.0 5.26 60.33 65.59 OK
r-release-macos-arm64 1.0.0 30.00 OK
r-release-macos-x86_64 1.0.0 46.00 OK
r-release-windows-x86_64 1.0.0 8.00 74.00 82.00 OK
r-oldrel-macos-arm64 1.0.0 28.00 NOTE
r-oldrel-windows-x86_64 1.0.0 7.00 79.00 86.00 OK

Check Details

Version: 1.0.0
Check: dependencies in R code
Result: NOTE Namespaces in Imports field not imported from: ‘RColorBrewer’ ‘grDevices’ All declared Imports should be used. Flavors: r-devel-linux-x86_64-fedora-clang, r-devel-linux-x86_64-fedora-gcc, r-oldrel-macos-arm64