CRAN Package Check Results for Package projmgr

Last updated on 2021-11-29 07:51:19 CET.

Flavor Version Tinstall Tcheck Ttotal Status Flags
r-devel-linux-x86_64-debian-clang 0.1.0 NOTE
r-devel-linux-x86_64-debian-gcc 0.1.0 2.28 26.29 28.57 NOTE
r-devel-linux-x86_64-fedora-clang 0.1.0 57.17 NOTE
r-devel-linux-x86_64-fedora-gcc 0.1.0 54.85 NOTE
r-devel-windows-x86_64-new-UL 0.1.0 13.00 100.00 113.00 NOTE
r-devel-windows-x86_64-new-TK 0.1.0 NOTE
r-devel-windows-x86_64-old 0.1.0 6.00 73.00 79.00 NOTE
r-patched-linux-x86_64 0.1.0 3.60 32.08 35.68 ERROR
r-patched-solaris-x86 0.1.0 62.50 NOTE
r-release-linux-x86_64 0.1.0 3.11 32.00 35.11 NOTE
r-release-macos-arm64 0.1.0 NOTE
r-release-macos-x86_64 0.1.0 NOTE
r-release-windows-ix86+x86_64 0.1.0 7.00 58.00 65.00 NOTE
r-oldrel-macos-x86_64 0.1.0 OK
r-oldrel-windows-ix86+x86_64 0.1.0 5.00 70.00 75.00 OK

Check Details

Version: 0.1.0
Check: LazyData
Result: NOTE
     'LazyData' is specified without a 'data' directory
Flavors: r-devel-linux-x86_64-debian-clang, r-devel-linux-x86_64-debian-gcc, r-devel-linux-x86_64-fedora-clang, r-devel-linux-x86_64-fedora-gcc, r-devel-windows-x86_64-new-UL, r-devel-windows-x86_64-new-TK, r-devel-windows-x86_64-old, r-patched-linux-x86_64, r-patched-solaris-x86, r-release-linux-x86_64, r-release-macos-arm64, r-release-macos-x86_64, r-release-windows-ix86+x86_64

Version: 0.1.0
Check: tests
Result: ERROR
     Running ‘testthat.R’ [4s/50s]
    Running the tests in ‘tests/testthat.R’ failed.
    Complete output:
     > library(testthat)
     > library(projmgr)
     >
     > test_check("projmgr")
     ══ Skipped tests ═══════════════════════════════════════════════════════════════
     • This set of tests should only be run manually (2)
    
     ══ Failed tests ════════════════════════════════════════════════════════════════
     ── Failure (test-browse.R:23:3): Links to documentation are valid ──────────────
     httr::GET(url6)$status not equal to 200.
     1/1 mismatches
     [1] 503 - 200 == 303
    
     [ FAIL 1 | WARN 12 | SKIP 2 | PASS 125 ]
     Error: Test failures
     Execution halted
Flavor: r-patched-linux-x86_64